{"id":34109,"date":"2026-03-24T12:51:42","date_gmt":"2026-03-24T17:51:42","guid":{"rendered":"https:\/\/upec.edu.ec\/?page_id=34109"},"modified":"2026-03-24T12:59:39","modified_gmt":"2026-03-24T17:59:39","slug":"boletin-005-2026","status":"publish","type":"page","link":"https:\/\/upec.edu.ec\/index.php\/boletin-005-2026\/","title":{"rendered":"Bolet\u00edn 005 2026"},"content":{"rendered":"\t\t<div data-elementor-type=\"wp-page\" data-elementor-id=\"34109\" class=\"elementor elementor-34109\">\n\t\t\t\t\t\t<section class=\"elementor-section elementor-top-section elementor-element elementor-element-86c772d elementor-section-full_width elementor-section-height-min-height elementor-section-items-top elementor-section-height-default\" data-id=\"86c772d\" data-element_type=\"section\">\n\t\t\t\t\t\t<div class=\"elementor-container elementor-column-gap-no\">\n\t\t\t\t\t<div class=\"elementor-column elementor-col-100 elementor-top-column elementor-element elementor-element-6caf56e\" data-id=\"6caf56e\" data-element_type=\"column\">\n\t\t\t<div class=\"elementor-widget-wrap elementor-element-populated\">\n\t\t\t\t\t\t<div class=\"elementor-element elementor-element-9fe77fd elementor-widget__width-auto elementor-widget elementor-widget-heading\" data-id=\"9fe77fd\" data-element_type=\"widget\" data-widget_type=\"heading.default\">\n\t\t\t\t<div class=\"elementor-widget-container\">\n\t\t\t\t\t<h2 class=\"elementor-heading-title elementor-size-default\">UPEC INAUGURA EL COMPLEJO ACU\u00c1TICO UPEC \u2013 U.E. BOL\u00cdVAR,\nUN HITO PARA EL DEPORTE Y LA COMUNIDAD DEL CARCHI<\/h2>\t\t\t\t<\/div>\n\t\t\t\t<\/div>\n\t\t\t\t<div class=\"elementor-element elementor-element-6256772 elementor-widget elementor-widget-heading\" data-id=\"6256772\" data-element_type=\"widget\" data-widget_type=\"heading.default\">\n\t\t\t\t<div class=\"elementor-widget-container\">\n\t\t\t\t\t<h2 class=\"elementor-heading-title elementor-size-default\">La Universidad Polit\u00e9cnica Estatal del Carchi (UPEC) marca un hecho hist\u00f3rico con la inauguraci\u00f3n oficial del Complejo Acu\u00e1tico UPEC \u2013 U.E. Bol\u00edvar, un espacio deportivo que fue concebido para fortalecer la formaci\u00f3n integral de estudiantes y deportistas de la provincia.<br><br>\n\nTras a\u00f1os de construcci\u00f3n y m\u00faltiples intentos fallidos por reactivar su funcionamiento, hoy, la puesta en marcha de esta infraestructura es resultado de la efectiva gesti\u00f3n institucional de la UPEC, que logr\u00f3 canalizar recursos mediante un convenio interinstitucional con el Ministerio de Educaci\u00f3n, Deporte y Cultura (MINEDEC), con el objetivo de repotenciar y recuperar este escenario deportivo que durante a\u00f1os permaneci\u00f3 sin el uso esperado.<br><br>\n\nLa repotenciaci\u00f3n del complejo permitir\u00e1 que cerca de 5.000 usuarios mensuales \u2014entre estudiantes de la U.E. Bol\u00edvar y de la UPEC\u2014 puedan acceder a instalaciones modernas y adecuadas para el aprendizaje, entrenamiento y pr\u00e1ctica del deporte acu\u00e1tico en condiciones \u00f3ptimas. <br><br>\n\nLa UPEC destin\u00f3 una inversi\u00f3n aproximada de USD 164.000 para la recuperaci\u00f3n y adecuaci\u00f3n integral de esta infraestructura, que funcionar\u00e1 en un horario de 06:00 a 18:00, brindando a la comunidad un espacio con piscina temperada, seguro y t\u00e9cnicamente equipado para el desarrollo de actividades deportivas y acad\u00e9micas.<br><br>\n\nEl Complejo Acu\u00e1tico, como ha sido denominado por la UPEC, cuenta con una piscina cubierta de 25 x 12,5 metros, equipada con sistemas de calentamiento de agua mediante bombas de calor, as\u00ed como duchas, camerinos, bater\u00edas sanitarias, zona de turco, sauna e hidromasaje. Adem\u00e1s, se renovaron completamente las luminarias para garantizar un uso eficiente y seguro por parte de estudiantes y usuarios.<br><br>\n\nComo parte del fortalecimiento de la formaci\u00f3n deportiva integral, tambi\u00e9n se implement\u00f3 un \u00e1rea destinada al entrenamiento f\u00edsico de estudiantes y deportistas, as\u00ed como aulas de clases, que permitir\u00e1n desarrollar el componente te\u00f3rico con comodidad y en condiciones adecuadas para el aprendizaje.<br><br>\n\nDurante el acto inaugural, el rector de la UPEC, Jorge Mina, destac\u00f3 la importancia de esta obra para la comunidad educativa y la provincia, se\u00f1alando que este proyecto representa el resultado de una gesti\u00f3n sostenida y comprometida con el bienestar estudiantil. \"Hoy cumplimos con un sue\u00f1o largamente esperado por la comunidad. Este complejo no solo representa infraestructura, sino oportunidades para la formaci\u00f3n deportiva, la salud y el desarrollo integral de nuestros estudiantes y de la provincia del Carchi. La UPEC demuestra que, con gesti\u00f3n responsable, es posible transformar espacios en beneficio de la comunidad\", expres\u00f3 el rector. <br><br>\n\nPor su parte, la asamble\u00edsta del Carchi, Luc\u00eda Pozo, quien fue el enlace clave para la firma del convenio interinstitucional, resalt\u00f3 la importancia del trabajo articulado entre instituciones para concretar proyectos que beneficien a la ciudadan\u00eda. \"Este complejo es un ejemplo claro de que cuando existe voluntad pol\u00edtica y trabajo conjunto entre las instituciones, se logran resultados concretos que impactan positivamente en la vida de los ciudadanos. Nos llena de satisfacci\u00f3n haber contribuido a que este proyecto hoy sea una realidad\", manifest\u00f3. <br><br>\n\nAsimismo, el rector de la Unidad Educativa Bol\u00edvar, Edison Jim\u00e9nez, destac\u00f3 el impacto positivo que tendr\u00e1 esta infraestructura en la formaci\u00f3n de los estudiantes del plantel. \"Para nuestra instituci\u00f3n, este complejo representa una oportunidad invaluable para fortalecer la formaci\u00f3n deportiva y promover h\u00e1bitos saludables en nuestros estudiantes. Agradecemos a la UPEC por su compromiso y por hacer posible que este espacio finalmente est\u00e9 al servicio de la comunidad educativa\", se\u00f1al\u00f3. <br><br>\n\nCon la inauguraci\u00f3n del Complejo Acu\u00e1tico UPEC \u2013 U.E. Bol\u00edvar, la Universidad Polit\u00e9cnica Estatal del Carchi se compromete con el fortalecimiento del deporte, la salud y el bienestar de la comunidad, consolid\u00e1ndose como una instituci\u00f3n que impulsa el desarrollo integral de la provincia mediante proyectos que generan impacto educativo y social.\n<\/h2>\t\t\t\t<\/div>\n\t\t\t\t<\/div>\n\t\t\t\t\t<\/div>\n\t\t<\/div>\n\t\t\t\t\t<\/div>\n\t\t<\/section>\n\t\t\t\t<section class=\"elementor-section elementor-top-section elementor-element elementor-element-2cd4369 elementor-section-full_width elementor-section-height-min-height elementor-section-items-top elementor-section-height-default\" data-id=\"2cd4369\" data-element_type=\"section\">\n\t\t\t\t\t\t<div class=\"elementor-container elementor-column-gap-no\">\n\t\t\t\t\t<div class=\"elementor-column elementor-col-100 elementor-top-column elementor-element elementor-element-a7fd849\" data-id=\"a7fd849\" data-element_type=\"column\">\n\t\t\t<div class=\"elementor-widget-wrap elementor-element-populated\">\n\t\t\t\t\t\t<div class=\"elementor-element elementor-element-d6101c1 elementor-widget__width-initial elementor-widget elementor-widget-image\" data-id=\"d6101c1\" data-element_type=\"widget\" data-widget_type=\"image.default\">\n\t\t\t\t<div class=\"elementor-widget-container\">\n\t\t\t\t\t\t\t\t\t\t\t\t\t\t\t<img decoding=\"async\" src=\"https:\/\/upec.edu.ec\/wp-content\/uploads\/elementor\/thumbs\/boletin_05_02_2026-rkzo98e33u7yub7bfetu12fydyywx79st8fcz8fas2.jpeg\" title=\"boletin_05_02_2026\" alt=\"boletin_05_02_2026\" loading=\"lazy\" \/>\t\t\t\t\t\t\t\t\t\t\t\t\t\t\t<\/div>\n\t\t\t\t<\/div>\n\t\t\t\t<div class=\"elementor-element elementor-element-4b172a4 elementor-widget__width-initial elementor-widget elementor-widget-image\" data-id=\"4b172a4\" data-element_type=\"widget\" data-widget_type=\"image.default\">\n\t\t\t\t<div class=\"elementor-widget-container\">\n\t\t\t\t\t\t\t\t\t\t\t\t\t\t\t<img fetchpriority=\"high\" decoding=\"async\" width=\"320\" height=\"180\" src=\"https:\/\/upec.edu.ec\/wp-content\/uploads\/2026\/03\/boletin_05_01_2026.jpeg\" class=\"attachment-full size-full wp-image-34106\" alt=\"\" srcset=\"https:\/\/upec.edu.ec\/wp-content\/uploads\/2026\/03\/boletin_05_01_2026.jpeg 320w, https:\/\/upec.edu.ec\/wp-content\/uploads\/2026\/03\/boletin_05_01_2026-300x169.jpeg 300w\" sizes=\"(max-width: 320px) 100vw, 320px\" \/>\t\t\t\t\t\t\t\t\t\t\t\t\t\t\t<\/div>\n\t\t\t\t<\/div>\n\t\t\t\t<div class=\"elementor-element elementor-element-4229dfd elementor-widget__width-initial elementor-widget elementor-widget-image\" data-id=\"4229dfd\" data-element_type=\"widget\" data-widget_type=\"image.default\">\n\t\t\t\t<div class=\"elementor-widget-container\">\n\t\t\t\t\t\t\t\t\t\t\t\t\t\t\t<img decoding=\"async\" src=\"https:\/\/upec.edu.ec\/wp-content\/uploads\/elementor\/thumbs\/boletin_05_03_2026-rkzo97g8x06oip8okwf7gkohsl3jpi62h3rvhygoya.jpeg\" title=\"boletin_05_03_2026\" alt=\"boletin_05_03_2026\" loading=\"lazy\" \/>\t\t\t\t\t\t\t\t\t\t\t\t\t\t\t<\/div>\n\t\t\t\t<\/div>\n\t\t\t\t\t<\/div>\n\t\t<\/div>\n\t\t\t\t\t<\/div>\n\t\t<\/section>\n\t\t\t\t<section class=\"elementor-section elementor-top-section elementor-element elementor-element-b1f7cd2 elementor-section-full_width elementor-section-height-min-height elementor-section-items-top elementor-section-height-default\" data-id=\"b1f7cd2\" data-element_type=\"section\">\n\t\t\t\t\t\t<div class=\"elementor-container elementor-column-gap-no\">\n\t\t\t\t\t<div class=\"elementor-column elementor-col-100 elementor-top-column elementor-element elementor-element-2b2b894\" data-id=\"2b2b894\" data-element_type=\"column\">\n\t\t\t<div class=\"elementor-widget-wrap elementor-element-populated\">\n\t\t\t\t\t\t<div class=\"elementor-element elementor-element-e6cd8cf elementor-widget elementor-widget-text-editor\" data-id=\"e6cd8cf\" data-element_type=\"widget\" data-widget_type=\"text-editor.default\">\n\t\t\t\t<div class=\"elementor-widget-container\">\n\t\t\t\t\t\t\t\t\t<p style=\"text-align: center;\"><span style=\"color: #999999;\"><strong>Pie de foto:<\/strong> <span data-olk-copy-source=\"MessageBody\">Como parte del acto de inauguraci\u00f3n los estudiantes de Actividad F\u00edsica y Deportes realizaron una demostraci\u00f3n acad\u00e9mica pedag\u00f3gica de nataci\u00f3n.<\/span><span data-olk-copy-source=\"MessageBody\">.<\/span><\/span><\/p><p><!--StartFragment--><!--EndFragment--><\/p>\t\t\t\t\t\t\t\t<\/div>\n\t\t\t\t<\/div>\n\t\t\t\t\t<\/div>\n\t\t<\/div>\n\t\t\t\t\t<\/div>\n\t\t<\/section>\n\t\t\t\t<section class=\"elementor-section elementor-top-section elementor-element elementor-element-3d0f6cb elementor-section-boxed elementor-section-height-default elementor-section-height-default\" data-id=\"3d0f6cb\" data-element_type=\"section\">\n\t\t\t\t\t\t<div class=\"elementor-container elementor-column-gap-default\">\n\t\t\t\t\t<div class=\"elementor-column elementor-col-100 elementor-top-column elementor-element elementor-element-ae879ca\" data-id=\"ae879ca\" data-element_type=\"column\">\n\t\t\t<div class=\"elementor-widget-wrap\">\n\t\t\t\t\t\t\t<\/div>\n\t\t<\/div>\n\t\t\t\t\t<\/div>\n\t\t<\/section>\n\t\t\t\t<\/div>\n\t\t","protected":false},"excerpt":{"rendered":"<p>UPEC INAUGURA EL COMPLEJO ACU\u00c1TICO UPEC \u2013 U.E. BOL\u00cdVAR, UN HITO PARA EL DEPORTE Y LA COMUNIDAD DEL CARCHI La Universidad Polit\u00e9cnica Estatal del Carchi (UPEC) marca un hecho hist\u00f3rico con la inauguraci\u00f3n oficial del Complejo Acu\u00e1tico UPEC \u2013 U.E. Bol\u00edvar, un espacio deportivo que fue concebido para fortalecer la formaci\u00f3n integral de estudiantes y [&hellip;]<\/p>\n","protected":false},"author":2,"featured_media":0,"parent":0,"menu_order":0,"comment_status":"closed","ping_status":"closed","template":"","meta":{"site-sidebar-layout":"default","site-content-layout":"","ast-site-content-layout":"default","site-content-style":"default","site-sidebar-style":"default","ast-global-header-display":"","ast-banner-title-visibility":"","ast-main-header-display":"","ast-hfb-above-header-display":"","ast-hfb-below-header-display":"","ast-hfb-mobile-header-display":"","site-post-title":"disabled","ast-breadcrumbs-content":"","ast-featured-img":"","footer-sml-layout":"","theme-transparent-header-meta":"","adv-header-id-meta":"","stick-header-meta":"","header-above-stick-meta":"","header-main-stick-meta":"","header-below-stick-meta":"","astra-migrate-meta-layouts":"set","ast-page-background-enabled":"default","ast-page-background-meta":{"desktop":{"background-color":"var(--ast-global-color-4)","background-image":"","background-repeat":"repeat","background-position":"center center","background-size":"auto","background-attachment":"scroll","background-type":"","background-media":"","overlay-type":"","overlay-color":"","overlay-opacity":"","overlay-gradient":""},"tablet":{"background-color":"","background-image":"","background-repeat":"repeat","background-position":"center center","background-size":"auto","background-attachment":"scroll","background-type":"","background-media":"","overlay-type":"","overlay-color":"","overlay-opacity":"","overlay-gradient":""},"mobile":{"background-color":"","background-image":"","background-repeat":"repeat","background-position":"center center","background-size":"auto","background-attachment":"scroll","background-type":"","background-media":"","overlay-type":"","overlay-color":"","overlay-opacity":"","overlay-gradient":""}},"ast-content-background-meta":{"desktop":{"background-color":"var(--ast-global-color-5)","background-image":"","background-repeat":"repeat","background-position":"center center","background-size":"auto","background-attachment":"scroll","background-type":"","background-media":"","overlay-type":"","overlay-color":"","overlay-opacity":"","overlay-gradient":""},"tablet":{"background-color":"var(--ast-global-color-5)","background-image":"","background-repeat":"repeat","background-position":"center center","background-size":"auto","background-attachment":"scroll","background-type":"","background-media":"","overlay-type":"","overlay-color":"","overlay-opacity":"","overlay-gradient":""},"mobile":{"background-color":"var(--ast-global-color-5)","background-image":"","background-repeat":"repeat","background-position":"center center","background-size":"auto","background-attachment":"scroll","background-type":"","background-media":"","overlay-type":"","overlay-color":"","overlay-opacity":"","overlay-gradient":""}},"footnotes":""},"class_list":["post-34109","page","type-page","status-publish","hentry"],"_links":{"self":[{"href":"https:\/\/upec.edu.ec\/index.php\/wp-json\/wp\/v2\/pages\/34109","targetHints":{"allow":["GET"]}}],"collection":[{"href":"https:\/\/upec.edu.ec\/index.php\/wp-json\/wp\/v2\/pages"}],"about":[{"href":"https:\/\/upec.edu.ec\/index.php\/wp-json\/wp\/v2\/types\/page"}],"author":[{"embeddable":true,"href":"https:\/\/upec.edu.ec\/index.php\/wp-json\/wp\/v2\/users\/2"}],"replies":[{"embeddable":true,"href":"https:\/\/upec.edu.ec\/index.php\/wp-json\/wp\/v2\/comments?post=34109"}],"version-history":[{"count":13,"href":"https:\/\/upec.edu.ec\/index.php\/wp-json\/wp\/v2\/pages\/34109\/revisions"}],"predecessor-version":[{"id":34124,"href":"https:\/\/upec.edu.ec\/index.php\/wp-json\/wp\/v2\/pages\/34109\/revisions\/34124"}],"wp:attachment":[{"href":"https:\/\/upec.edu.ec\/index.php\/wp-json\/wp\/v2\/media?parent=34109"}],"curies":[{"name":"wp","href":"https:\/\/api.w.org\/{rel}","templated":true}]}}