{"id":33777,"date":"2026-02-05T16:00:54","date_gmt":"2026-02-05T21:00:54","guid":{"rendered":"https:\/\/upec.edu.ec\/?page_id=33777"},"modified":"2026-02-05T16:18:53","modified_gmt":"2026-02-05T21:18:53","slug":"boletin-002-2026","status":"publish","type":"page","link":"https:\/\/upec.edu.ec\/index.php\/boletin-002-2026\/","title":{"rendered":"Bolet\u00edn 002 2026"},"content":{"rendered":"\t\t<div data-elementor-type=\"wp-page\" data-elementor-id=\"33777\" class=\"elementor elementor-33777\">\n\t\t\t\t\t\t<section class=\"elementor-section elementor-top-section elementor-element elementor-element-86c772d elementor-section-full_width elementor-section-height-min-height elementor-section-items-top elementor-section-height-default\" data-id=\"86c772d\" data-element_type=\"section\">\n\t\t\t\t\t\t<div class=\"elementor-container elementor-column-gap-no\">\n\t\t\t\t\t<div class=\"elementor-column elementor-col-100 elementor-top-column elementor-element elementor-element-6caf56e\" data-id=\"6caf56e\" data-element_type=\"column\">\n\t\t\t<div class=\"elementor-widget-wrap elementor-element-populated\">\n\t\t\t\t\t\t<div class=\"elementor-element elementor-element-9fe77fd elementor-widget__width-auto elementor-widget elementor-widget-heading\" data-id=\"9fe77fd\" data-element_type=\"widget\" data-widget_type=\"heading.default\">\n\t\t\t\t<div class=\"elementor-widget-container\">\n\t\t\t\t\t<h2 class=\"elementor-heading-title elementor-size-default\">ESTUDIANTES DE LA UNIVERSIDAD CENTRAL FORTALECEN SU FORMACI\u00d3N PR\u00c1CTICA EN EL CENTRO EXPERIMENTAL SAN FRANCISCO DE LA UPEC<\/h2>\t\t\t\t<\/div>\n\t\t\t\t<\/div>\n\t\t\t\t<div class=\"elementor-element elementor-element-6256772 elementor-widget elementor-widget-heading\" data-id=\"6256772\" data-element_type=\"widget\" data-widget_type=\"heading.default\">\n\t\t\t\t<div class=\"elementor-widget-container\">\n\t\t\t\t\t<h2 class=\"elementor-heading-title elementor-size-default\">Un grupo de 30 estudiantes de la carrera de Qu\u00edmica, de sexto a noveno semestre de la Universidad Central, realiz\u00f3 una visita acad\u00e9mica a las plantas de producci\u00f3n de alimentos de la carrera de Ingenier\u00eda en Alimentos, ubicadas en el Centro Experimental San Francisco, de la Universidad Polit\u00e9cnica Estatal del Carchi (UPEC), con el objetivo de vivir una experiencia acad\u00e9mico\u2013pr\u00e1ctica que complemente su formaci\u00f3n profesional.<br><br>\n\nDurante la jornada, los estudiantes conocieron de manera directa los procesos de elaboraci\u00f3n de alimentos, as\u00ed como las condiciones de higiene, seguridad e inocuidad aplicadas en cada etapa productiva. Adem\u00e1s, pudieron evaluar la calidad sensorial de los productos elaborados en las plantas mediante una degustaci\u00f3n guiada de quesos, yogurt, vino, mermeladas, embutidos y pan.<br><br>\n\nEl recorrido incluy\u00f3 las plantas de procesamiento de: frutas y vegetales, l\u00e1cteos, c\u00e1rnicos, cereales y panificaci\u00f3n, y extracci\u00f3n de almidones y biotecnolog\u00eda; espacios que permiten a los estudiantes aplicar conocimientos te\u00f3ricos en un entorno real de producci\u00f3n. <br><br>\n\nAl respecto, Jenny Yambay, directora de la carrera de Ingenier\u00eda en Alimentos de la UPEC, destac\u00f3 la importancia de este tipo de actividades acad\u00e9micas: \u201ceste recorrido permite que los estudiantes conozcan integralmente los procesos productivos de alimentos, desde la materia prima hasta el producto final, bajo estrictos criterios de calidad, higiene e inocuidad. Para la UPEC es fundamental abrir estos espacios de aprendizaje colaborativo que fortalecen la formaci\u00f3n pr\u00e1ctica y el intercambio de conocimientos entre instituciones\u201d.<br><br>\n\nPor su parte, David Ch\u00faquer, docente de la carrera de Qu\u00edmica de la Universidad Central, resalt\u00f3 el valor del intercambio acad\u00e9mico entre ambas carreras, indic\u00f3 \u201ceste tipo de experiencias permiten que los estudiantes identifiquen similitudes y diferencias en sus procesos formativos, comprendan c\u00f3mo se integran la qu\u00edmica y la ingenier\u00eda de alimentos, y complementen sus habilidades pr\u00e1cticas en un contexto real de producci\u00f3n\u201d.<br><br>\n\nCabe destacar que, la visita fue guiada por estudiantes de octavo semestre de la carrera de Ingenier\u00eda en Alimentos de la UPEC, quienes adem\u00e1s fueron responsables de la elaboraci\u00f3n de los productos degustados, fortaleciendo as\u00ed el aprendizaje colaborativo y el trabajo entre pares.<br><br>\n\nEstas iniciativas consolidan el compromiso de la UPEC con la vinculaci\u00f3n interinstitucional, la formaci\u00f3n pr\u00e1ctica de calidad y la generaci\u00f3n de espacios que promueven el aprendizaje significativo y la cooperaci\u00f3n acad\u00e9mica.<\/h2>\t\t\t\t<\/div>\n\t\t\t\t<\/div>\n\t\t\t\t\t<\/div>\n\t\t<\/div>\n\t\t\t\t\t<\/div>\n\t\t<\/section>\n\t\t\t\t<section class=\"elementor-section elementor-top-section elementor-element elementor-element-2cd4369 elementor-section-full_width elementor-section-height-min-height elementor-section-items-top elementor-section-height-default\" data-id=\"2cd4369\" data-element_type=\"section\">\n\t\t\t\t\t\t<div class=\"elementor-container elementor-column-gap-no\">\n\t\t\t\t\t<div class=\"elementor-column elementor-col-100 elementor-top-column elementor-element elementor-element-a7fd849\" data-id=\"a7fd849\" data-element_type=\"column\">\n\t\t\t<div class=\"elementor-widget-wrap elementor-element-populated\">\n\t\t\t\t\t\t<div class=\"elementor-element elementor-element-d6101c1 elementor-widget__width-initial elementor-widget elementor-widget-image\" data-id=\"d6101c1\" data-element_type=\"widget\" data-widget_type=\"image.default\">\n\t\t\t\t<div class=\"elementor-widget-container\">\n\t\t\t\t\t\t\t\t\t\t\t\t\t\t\t<img decoding=\"async\" src=\"https:\/\/upec.edu.ec\/wp-content\/uploads\/elementor\/thumbs\/boletin_02_01_2026-scaled-riq414m317ocygdk9f5omam2iijes2wsgagpuq3bqw.jpg\" title=\"boletin_02_01_2026\" alt=\"boletin_02_01_2026\" loading=\"lazy\" \/>\t\t\t\t\t\t\t\t\t\t\t\t\t\t\t<\/div>\n\t\t\t\t<\/div>\n\t\t\t\t<div class=\"elementor-element elementor-element-4b172a4 elementor-widget__width-initial elementor-widget elementor-widget-image\" data-id=\"4b172a4\" data-element_type=\"widget\" data-widget_type=\"image.default\">\n\t\t\t\t<div class=\"elementor-widget-container\">\n\t\t\t\t\t\t\t\t\t\t\t\t\t\t\t<img decoding=\"async\" src=\"https:\/\/upec.edu.ec\/wp-content\/uploads\/elementor\/thumbs\/boletin_02_02_2026-scaled-riq419b9zduski6qhz6tgrfdhfw8ukfg4xq593wcvs.jpg\" title=\"boletin_02_02_2026\" alt=\"boletin_02_02_2026\" loading=\"lazy\" \/>\t\t\t\t\t\t\t\t\t\t\t\t\t\t\t<\/div>\n\t\t\t\t<\/div>\n\t\t\t\t<div class=\"elementor-element elementor-element-4229dfd elementor-widget__width-initial elementor-widget elementor-widget-image\" data-id=\"4229dfd\" data-element_type=\"widget\" data-widget_type=\"image.default\">\n\t\t\t\t<div class=\"elementor-widget-container\">\n\t\t\t\t\t\t\t\t\t\t\t\t\t\t\t<img decoding=\"async\" src=\"https:\/\/upec.edu.ec\/wp-content\/uploads\/elementor\/thumbs\/boletin_02_03_2026-scaled-riq41e0gxk186jzwqj7yb88ogd92x1y3tkzknhpe0o.jpg\" title=\"boletin_02_03_2026\" alt=\"boletin_02_03_2026\" loading=\"lazy\" \/>\t\t\t\t\t\t\t\t\t\t\t\t\t\t\t<\/div>\n\t\t\t\t<\/div>\n\t\t\t\t<div class=\"elementor-element elementor-element-c8ea563 elementor-widget__width-initial elementor-widget elementor-widget-image\" data-id=\"c8ea563\" data-element_type=\"widget\" data-widget_type=\"image.default\">\n\t\t\t\t<div class=\"elementor-widget-container\">\n\t\t\t\t\t\t\t\t\t\t\t\t\t\t\t<img decoding=\"async\" src=\"https:\/\/upec.edu.ec\/wp-content\/uploads\/elementor\/thumbs\/boletin_02_04_2026-scaled-riq40yz1w7gn0slr6cpx7c1ay7b7hwaefijsz2bos8.jpg\" title=\"boletin_02_04_2026\" alt=\"boletin_02_04_2026\" loading=\"lazy\" \/>\t\t\t\t\t\t\t\t\t\t\t\t\t\t\t<\/div>\n\t\t\t\t<\/div>\n\t\t\t\t\t<\/div>\n\t\t<\/div>\n\t\t\t\t\t<\/div>\n\t\t<\/section>\n\t\t\t\t<section class=\"elementor-section elementor-top-section elementor-element elementor-element-b1f7cd2 elementor-section-full_width elementor-section-height-min-height elementor-section-items-top elementor-section-height-default\" data-id=\"b1f7cd2\" data-element_type=\"section\">\n\t\t\t\t\t\t<div class=\"elementor-container elementor-column-gap-no\">\n\t\t\t\t\t<div class=\"elementor-column elementor-col-100 elementor-top-column elementor-element elementor-element-2b2b894\" data-id=\"2b2b894\" data-element_type=\"column\">\n\t\t\t<div class=\"elementor-widget-wrap elementor-element-populated\">\n\t\t\t\t\t\t<div class=\"elementor-element elementor-element-e6cd8cf elementor-widget elementor-widget-text-editor\" data-id=\"e6cd8cf\" data-element_type=\"widget\" data-widget_type=\"text-editor.default\">\n\t\t\t\t<div class=\"elementor-widget-container\">\n\t\t\t\t\t\t\t\t\t<p style=\"text-align: center;\"><span style=\"color: #999999;\"><strong>Pie de foto:<\/strong> <span data-olk-copy-source=\"MessageBody\">La visita fue guiada por estudiantes de octavo semestre de la carrera de Ingenier\u00eda en Alimentos de la UPEC, quienes adem\u00e1s fueron responsables de la elaboraci\u00f3n de los productos degustados..<\/span><\/span><\/p><p><!--StartFragment--><!--EndFragment--><\/p>\t\t\t\t\t\t\t\t<\/div>\n\t\t\t\t<\/div>\n\t\t\t\t\t<\/div>\n\t\t<\/div>\n\t\t\t\t\t<\/div>\n\t\t<\/section>\n\t\t\t\t<section class=\"elementor-section elementor-top-section elementor-element elementor-element-3d0f6cb elementor-section-boxed elementor-section-height-default elementor-section-height-default\" data-id=\"3d0f6cb\" data-element_type=\"section\">\n\t\t\t\t\t\t<div class=\"elementor-container elementor-column-gap-default\">\n\t\t\t\t\t<div class=\"elementor-column elementor-col-100 elementor-top-column elementor-element elementor-element-ae879ca\" data-id=\"ae879ca\" data-element_type=\"column\">\n\t\t\t<div class=\"elementor-widget-wrap\">\n\t\t\t\t\t\t\t<\/div>\n\t\t<\/div>\n\t\t\t\t\t<\/div>\n\t\t<\/section>\n\t\t\t\t<\/div>\n\t\t","protected":false},"excerpt":{"rendered":"<p>ESTUDIANTES DE LA UNIVERSIDAD CENTRAL FORTALECEN SU FORMACI\u00d3N PR\u00c1CTICA EN EL CENTRO EXPERIMENTAL SAN FRANCISCO DE LA UPEC Un grupo de 30 estudiantes de la carrera de Qu\u00edmica, de sexto a noveno semestre de la Universidad Central, realiz\u00f3 una visita acad\u00e9mica a las plantas de producci\u00f3n de alimentos de la carrera de Ingenier\u00eda en Alimentos, [&hellip;]<\/p>\n","protected":false},"author":2,"featured_media":0,"parent":0,"menu_order":0,"comment_status":"closed","ping_status":"closed","template":"","meta":{"site-sidebar-layout":"default","site-content-layout":"","ast-site-content-layout":"default","site-content-style":"default","site-sidebar-style":"default","ast-global-header-display":"","ast-banner-title-visibility":"","ast-main-header-display":"","ast-hfb-above-header-display":"","ast-hfb-below-header-display":"","ast-hfb-mobile-header-display":"","site-post-title":"disabled","ast-breadcrumbs-content":"","ast-featured-img":"","footer-sml-layout":"","theme-transparent-header-meta":"","adv-header-id-meta":"","stick-header-meta":"","header-above-stick-meta":"","header-main-stick-meta":"","header-below-stick-meta":"","astra-migrate-meta-layouts":"set","ast-page-background-enabled":"default","ast-page-background-meta":{"desktop":{"background-color":"var(--ast-global-color-4)","background-image":"","background-repeat":"repeat","background-position":"center center","background-size":"auto","background-attachment":"scroll","background-type":"","background-media":"","overlay-type":"","overlay-color":"","overlay-opacity":"","overlay-gradient":""},"tablet":{"background-color":"","background-image":"","background-repeat":"repeat","background-position":"center center","background-size":"auto","background-attachment":"scroll","background-type":"","background-media":"","overlay-type":"","overlay-color":"","overlay-opacity":"","overlay-gradient":""},"mobile":{"background-color":"","background-image":"","background-repeat":"repeat","background-position":"center center","background-size":"auto","background-attachment":"scroll","background-type":"","background-media":"","overlay-type":"","overlay-color":"","overlay-opacity":"","overlay-gradient":""}},"ast-content-background-meta":{"desktop":{"background-color":"var(--ast-global-color-5)","background-image":"","background-repeat":"repeat","background-position":"center center","background-size":"auto","background-attachment":"scroll","background-type":"","background-media":"","overlay-type":"","overlay-color":"","overlay-opacity":"","overlay-gradient":""},"tablet":{"background-color":"var(--ast-global-color-5)","background-image":"","background-repeat":"repeat","background-position":"center center","background-size":"auto","background-attachment":"scroll","background-type":"","background-media":"","overlay-type":"","overlay-color":"","overlay-opacity":"","overlay-gradient":""},"mobile":{"background-color":"var(--ast-global-color-5)","background-image":"","background-repeat":"repeat","background-position":"center center","background-size":"auto","background-attachment":"scroll","background-type":"","background-media":"","overlay-type":"","overlay-color":"","overlay-opacity":"","overlay-gradient":""}},"footnotes":""},"class_list":["post-33777","page","type-page","status-publish","hentry"],"_links":{"self":[{"href":"https:\/\/upec.edu.ec\/index.php\/wp-json\/wp\/v2\/pages\/33777","targetHints":{"allow":["GET"]}}],"collection":[{"href":"https:\/\/upec.edu.ec\/index.php\/wp-json\/wp\/v2\/pages"}],"about":[{"href":"https:\/\/upec.edu.ec\/index.php\/wp-json\/wp\/v2\/types\/page"}],"author":[{"embeddable":true,"href":"https:\/\/upec.edu.ec\/index.php\/wp-json\/wp\/v2\/users\/2"}],"replies":[{"embeddable":true,"href":"https:\/\/upec.edu.ec\/index.php\/wp-json\/wp\/v2\/comments?post=33777"}],"version-history":[{"count":10,"href":"https:\/\/upec.edu.ec\/index.php\/wp-json\/wp\/v2\/pages\/33777\/revisions"}],"predecessor-version":[{"id":33792,"href":"https:\/\/upec.edu.ec\/index.php\/wp-json\/wp\/v2\/pages\/33777\/revisions\/33792"}],"wp:attachment":[{"href":"https:\/\/upec.edu.ec\/index.php\/wp-json\/wp\/v2\/media?parent=33777"}],"curies":[{"name":"wp","href":"https:\/\/api.w.org\/{rel}","templated":true}]}}