{"id":29148,"date":"2025-06-11T12:46:29","date_gmt":"2025-06-11T17:46:29","guid":{"rendered":"https:\/\/upec.edu.ec\/?page_id=29148"},"modified":"2025-06-11T12:54:21","modified_gmt":"2025-06-11T17:54:21","slug":"boletin-026-2025","status":"publish","type":"page","link":"https:\/\/upec.edu.ec\/index.php\/boletin-026-2025\/","title":{"rendered":"Bolet\u00edn 026 2025"},"content":{"rendered":"\t\t<div data-elementor-type=\"wp-page\" data-elementor-id=\"29148\" class=\"elementor elementor-29148\">\n\t\t\t\t\t\t<section class=\"elementor-section elementor-top-section elementor-element elementor-element-86c772d elementor-section-full_width elementor-section-height-min-height elementor-section-items-top elementor-section-height-default\" data-id=\"86c772d\" data-element_type=\"section\">\n\t\t\t\t\t\t<div class=\"elementor-container elementor-column-gap-no\">\n\t\t\t\t\t<div class=\"elementor-column elementor-col-100 elementor-top-column elementor-element elementor-element-6caf56e\" data-id=\"6caf56e\" data-element_type=\"column\">\n\t\t\t<div class=\"elementor-widget-wrap elementor-element-populated\">\n\t\t\t\t\t\t<div class=\"elementor-element elementor-element-9fe77fd elementor-widget__width-auto elementor-widget elementor-widget-heading\" data-id=\"9fe77fd\" data-element_type=\"widget\" data-widget_type=\"heading.default\">\n\t\t\t\t<div class=\"elementor-widget-container\">\n\t\t\t\t\t<h2 class=\"elementor-heading-title elementor-size-default\">UPEC INICI\u00d3 ETAPA DE INSCRIPCI\u00d3N 2025B<\/h2>\t\t\t\t<\/div>\n\t\t\t\t<\/div>\n\t\t\t\t<div class=\"elementor-element elementor-element-6256772 elementor-widget elementor-widget-heading\" data-id=\"6256772\" data-element_type=\"widget\" data-widget_type=\"heading.default\">\n\t\t\t\t<div class=\"elementor-widget-container\">\n\t\t\t\t\t<h2 class=\"elementor-heading-title elementor-size-default\">La Universidad Polit\u00e9cnica Estatal del Carchi (UPEC), dentro del proceso de admisi\u00f3n 2025B, inici\u00f3 con la etapa de inscripci\u00f3n, dirigida a los bachilleres que culminan la secundaria en el r\u00e9gimen Sierra-Amazon\u00eda, as\u00ed como para quienes a\u00fan buscan un cupo para acceder a la educaci\u00f3n superior p\u00fablica, ofreciendo una nueva oportunidad para estudiar en una instituci\u00f3n acreditada, con proyecci\u00f3n nacional e internacional.<br><br>\n\nLa inscripci\u00f3n de los aspirantes se desarrollar\u00e1 del 9 al 30 de junio. Los interesados deben registrarse en l\u00ednea a trav\u00e9s del Sistema de Admisi\u00f3n UPEC, accediendo al sitio web oficial www.upec.edu.ec y seleccionando la secci\u00f3n MiUPEC, donde podr\u00e1n crear su cuenta, ingresar sus datos y completar la inscripci\u00f3n.<br><br>\n\nPosteriormente, se realizar\u00e1 la verificaci\u00f3n de la informaci\u00f3n registrada con la base de datos de la Secretar\u00eda de Educaci\u00f3n Superior, Ciencia, Tecnolog\u00eda e Innovaci\u00f3n (Senescyt), como requisito previo a la etapa de evaluaci\u00f3n, programada del 11 al 19 de julio. Durante esta fase, los aspirantes deber\u00e1n rendir el Test UPEC, una evaluaci\u00f3n que valora conocimientos generales adquiridos durante la formaci\u00f3n de bachillerato.\nLa calificaci\u00f3n final para la postulaci\u00f3n se determinar\u00e1 mediante un sistema ponderado: <br><br>\n\u2022        50% corresponde al resultado del test UPEC - Evaluaci\u00f3n <br><br>\n\u2022        50% corresponde al promedio de grado del aspirante.<br><br>\n\nCon una oferta acad\u00e9mica s\u00f3lida y diversa, para el periodo acad\u00e9mico 2025-B, la UPEC presenta 16 programas de grado en \u00e1reas de ingenier\u00eda, ciencias, administraci\u00f3n, salud y educaci\u00f3n, en modalidades presencial, semipresencial y virtual, adaptadas a las necesidades actuales de formaci\u00f3n profesional.<br><br>\n\nEn este contexto de crecimiento institucional, la UPEC anuncia con orgullo la apertura del nuevo campus Cayambe, como parte de su plan de expansi\u00f3n del servicio educativo. Este nuevo espacio acad\u00e9mico inicia sus actividades con la carrera de Turismo, la cual se impartir\u00e1 en aulas equipadas con tecnolog\u00eda de punta y un cuerpo docente interdisciplinar, consolidando as\u00ed la presencia de la UPEC en nuevas ubicaciones geogr\u00e1ficas del pa\u00eds y reafirmando su compromiso con una educaci\u00f3n de excelencia.<br><br>\n\nPara m\u00e1s informaci\u00f3n sobre los programas acad\u00e9micos, requisitos de ingreso y detalles del proceso, los aspirantes pueden ingresar al www.upec.edu.ec, en la secci\u00f3n Programas y Facultades, o comunicarse al tel\u00e9fono 062980837 ext. 1244 o acercarse a la Unidad de Admisi\u00f3n y Registro, ubicada en la planta baja del Edificio Administrativo del campus central de la UPEC. <br><br><\/h2>\t\t\t\t<\/div>\n\t\t\t\t<\/div>\n\t\t\t\t\t<\/div>\n\t\t<\/div>\n\t\t\t\t\t<\/div>\n\t\t<\/section>\n\t\t\t\t<section class=\"elementor-section elementor-top-section elementor-element elementor-element-2cd4369 elementor-section-full_width elementor-section-height-min-height elementor-section-items-top elementor-section-height-default\" data-id=\"2cd4369\" data-element_type=\"section\">\n\t\t\t\t\t\t<div class=\"elementor-container elementor-column-gap-no\">\n\t\t\t\t\t<div class=\"elementor-column elementor-col-100 elementor-top-column elementor-element elementor-element-a7fd849\" data-id=\"a7fd849\" data-element_type=\"column\">\n\t\t\t<div class=\"elementor-widget-wrap elementor-element-populated\">\n\t\t\t\t\t\t<div class=\"elementor-element elementor-element-d6101c1 elementor-widget__width-initial elementor-widget elementor-widget-image\" data-id=\"d6101c1\" data-element_type=\"widget\" data-widget_type=\"image.default\">\n\t\t\t\t<div class=\"elementor-widget-container\">\n\t\t\t\t\t\t\t\t\t\t\t\t\t\t\t<img decoding=\"async\" src=\"https:\/\/upec.edu.ec\/wp-content\/uploads\/elementor\/thumbs\/boletin_26_01_2025-ralkdwz58coeaz8hywsa995nlxggkbipbf6dx5kzn8.jpg\" title=\"boletin_26_01_2025\" alt=\"boletin_26_01_2025\" loading=\"lazy\" \/>\t\t\t\t\t\t\t\t\t\t\t\t\t\t\t<\/div>\n\t\t\t\t<\/div>\n\t\t\t\t<div class=\"elementor-element elementor-element-4b172a4 elementor-widget__width-initial elementor-widget elementor-widget-image\" data-id=\"4b172a4\" data-element_type=\"widget\" data-widget_type=\"image.default\">\n\t\t\t\t<div class=\"elementor-widget-container\">\n\t\t\t\t\t\t\t\t\t\t\t\t\t\t\t<img decoding=\"async\" src=\"https:\/\/upec.edu.ec\/wp-content\/uploads\/elementor\/thumbs\/boletin_26_02_2025-ralkdwz58coeaz8hywsa995nlxggkbipbf6dx5kxmg.jpg\" title=\"boletin_26_02_2025\" alt=\"boletin_26_02_2025\" loading=\"lazy\" \/>\t\t\t\t\t\t\t\t\t\t\t\t\t\t\t<\/div>\n\t\t\t\t<\/div>\n\t\t\t\t<div class=\"elementor-element elementor-element-4229dfd elementor-widget__width-initial elementor-widget elementor-widget-image\" data-id=\"4229dfd\" data-element_type=\"widget\" data-widget_type=\"image.default\">\n\t\t\t\t<div class=\"elementor-widget-container\">\n\t\t\t\t\t\t\t\t\t\t\t\t\t\t\t<img decoding=\"async\" src=\"https:\/\/upec.edu.ec\/wp-content\/uploads\/elementor\/thumbs\/boletin_26_03_2025-ralkdwz58coeaz8hywsa995nlxggkbipbf6dx5kxmg.jpg\" title=\"boletin_26_03_2025\" alt=\"boletin_26_03_2025\" loading=\"lazy\" \/>\t\t\t\t\t\t\t\t\t\t\t\t\t\t\t<\/div>\n\t\t\t\t<\/div>\n\t\t\t\t<div class=\"elementor-element elementor-element-c8ea563 elementor-widget__width-initial elementor-widget elementor-widget-image\" data-id=\"c8ea563\" data-element_type=\"widget\" data-widget_type=\"image.default\">\n\t\t\t\t<div class=\"elementor-widget-container\">\n\t\t\t\t\t\t\t\t\t\t\t\t\t\t\t<img decoding=\"async\" src=\"https:\/\/upec.edu.ec\/wp-content\/uploads\/elementor\/thumbs\/boletin_26_04_2025-ralkdwz58coeaz8hywsa995nlxggkbipbf6dx5kxmg.jpg\" title=\"boletin_26_04_2025\" alt=\"boletin_26_04_2025\" loading=\"lazy\" \/>\t\t\t\t\t\t\t\t\t\t\t\t\t\t\t<\/div>\n\t\t\t\t<\/div>\n\t\t\t\t\t<\/div>\n\t\t<\/div>\n\t\t\t\t\t<\/div>\n\t\t<\/section>\n\t\t\t\t<section class=\"elementor-section elementor-top-section elementor-element elementor-element-b1f7cd2 elementor-section-full_width elementor-section-height-min-height elementor-section-items-top elementor-section-height-default\" data-id=\"b1f7cd2\" data-element_type=\"section\">\n\t\t\t\t\t\t<div class=\"elementor-container elementor-column-gap-no\">\n\t\t\t\t\t<div class=\"elementor-column elementor-col-100 elementor-top-column elementor-element elementor-element-2b2b894\" data-id=\"2b2b894\" data-element_type=\"column\">\n\t\t\t<div class=\"elementor-widget-wrap elementor-element-populated\">\n\t\t\t\t\t\t<div class=\"elementor-element elementor-element-e6cd8cf elementor-widget elementor-widget-text-editor\" data-id=\"e6cd8cf\" data-element_type=\"widget\" data-widget_type=\"text-editor.default\">\n\t\t\t\t<div class=\"elementor-widget-container\">\n\t\t\t\t\t\t\t\t\t<p style=\"text-align: center;\"><span style=\"color: #999999;\"><strong>Pie de foto:<\/strong> <span data-olk-copy-source=\"MessageBody\">Afiche de inscripci\u00f3n<\/span><span data-olk-copy-source=\"MessageBody\">.<\/span><\/span><\/p><p><!--StartFragment--><!--EndFragment--><\/p>\t\t\t\t\t\t\t\t<\/div>\n\t\t\t\t<\/div>\n\t\t\t\t\t<\/div>\n\t\t<\/div>\n\t\t\t\t\t<\/div>\n\t\t<\/section>\n\t\t\t\t<section class=\"elementor-section elementor-top-section elementor-element elementor-element-3d0f6cb elementor-section-boxed elementor-section-height-default elementor-section-height-default\" data-id=\"3d0f6cb\" data-element_type=\"section\">\n\t\t\t\t\t\t<div class=\"elementor-container elementor-column-gap-default\">\n\t\t\t\t\t<div class=\"elementor-column elementor-col-100 elementor-top-column elementor-element elementor-element-ae879ca\" data-id=\"ae879ca\" data-element_type=\"column\">\n\t\t\t<div class=\"elementor-widget-wrap\">\n\t\t\t\t\t\t\t<\/div>\n\t\t<\/div>\n\t\t\t\t\t<\/div>\n\t\t<\/section>\n\t\t\t\t<\/div>\n\t\t","protected":false},"excerpt":{"rendered":"<p>UPEC INICI\u00d3 ETAPA DE INSCRIPCI\u00d3N 2025B La Universidad Polit\u00e9cnica Estatal del Carchi (UPEC), dentro del proceso de admisi\u00f3n 2025B, inici\u00f3 con la etapa de inscripci\u00f3n, dirigida a los bachilleres que culminan la secundaria en el r\u00e9gimen Sierra-Amazon\u00eda, as\u00ed como para quienes a\u00fan buscan un cupo para acceder a la educaci\u00f3n superior p\u00fablica, ofreciendo una nueva [&hellip;]<\/p>\n","protected":false},"author":2,"featured_media":0,"parent":0,"menu_order":0,"comment_status":"closed","ping_status":"closed","template":"","meta":{"site-sidebar-layout":"default","site-content-layout":"","ast-site-content-layout":"default","site-content-style":"default","site-sidebar-style":"default","ast-global-header-display":"","ast-banner-title-visibility":"","ast-main-header-display":"","ast-hfb-above-header-display":"","ast-hfb-below-header-display":"","ast-hfb-mobile-header-display":"","site-post-title":"disabled","ast-breadcrumbs-content":"","ast-featured-img":"","footer-sml-layout":"","theme-transparent-header-meta":"","adv-header-id-meta":"","stick-header-meta":"","header-above-stick-meta":"","header-main-stick-meta":"","header-below-stick-meta":"","astra-migrate-meta-layouts":"set","ast-page-background-enabled":"default","ast-page-background-meta":{"desktop":{"background-color":"var(--ast-global-color-4)","background-image":"","background-repeat":"repeat","background-position":"center center","background-size":"auto","background-attachment":"scroll","background-type":"","background-media":"","overlay-type":"","overlay-color":"","overlay-opacity":"","overlay-gradient":""},"tablet":{"background-color":"","background-image":"","background-repeat":"repeat","background-position":"center center","background-size":"auto","background-attachment":"scroll","background-type":"","background-media":"","overlay-type":"","overlay-color":"","overlay-opacity":"","overlay-gradient":""},"mobile":{"background-color":"","background-image":"","background-repeat":"repeat","background-position":"center center","background-size":"auto","background-attachment":"scroll","background-type":"","background-media":"","overlay-type":"","overlay-color":"","overlay-opacity":"","overlay-gradient":""}},"ast-content-background-meta":{"desktop":{"background-color":"var(--ast-global-color-5)","background-image":"","background-repeat":"repeat","background-position":"center center","background-size":"auto","background-attachment":"scroll","background-type":"","background-media":"","overlay-type":"","overlay-color":"","overlay-opacity":"","overlay-gradient":""},"tablet":{"background-color":"var(--ast-global-color-5)","background-image":"","background-repeat":"repeat","background-position":"center center","background-size":"auto","background-attachment":"scroll","background-type":"","background-media":"","overlay-type":"","overlay-color":"","overlay-opacity":"","overlay-gradient":""},"mobile":{"background-color":"var(--ast-global-color-5)","background-image":"","background-repeat":"repeat","background-position":"center center","background-size":"auto","background-attachment":"scroll","background-type":"","background-media":"","overlay-type":"","overlay-color":"","overlay-opacity":"","overlay-gradient":""}},"footnotes":""},"class_list":["post-29148","page","type-page","status-publish","hentry"],"_links":{"self":[{"href":"https:\/\/upec.edu.ec\/index.php\/wp-json\/wp\/v2\/pages\/29148","targetHints":{"allow":["GET"]}}],"collection":[{"href":"https:\/\/upec.edu.ec\/index.php\/wp-json\/wp\/v2\/pages"}],"about":[{"href":"https:\/\/upec.edu.ec\/index.php\/wp-json\/wp\/v2\/types\/page"}],"author":[{"embeddable":true,"href":"https:\/\/upec.edu.ec\/index.php\/wp-json\/wp\/v2\/users\/2"}],"replies":[{"embeddable":true,"href":"https:\/\/upec.edu.ec\/index.php\/wp-json\/wp\/v2\/comments?post=29148"}],"version-history":[{"count":10,"href":"https:\/\/upec.edu.ec\/index.php\/wp-json\/wp\/v2\/pages\/29148\/revisions"}],"predecessor-version":[{"id":29160,"href":"https:\/\/upec.edu.ec\/index.php\/wp-json\/wp\/v2\/pages\/29148\/revisions\/29160"}],"wp:attachment":[{"href":"https:\/\/upec.edu.ec\/index.php\/wp-json\/wp\/v2\/media?parent=29148"}],"curies":[{"name":"wp","href":"https:\/\/api.w.org\/{rel}","templated":true}]}}