{"id":28705,"date":"2025-05-15T10:14:39","date_gmt":"2025-05-15T15:14:39","guid":{"rendered":"https:\/\/upec.edu.ec\/?page_id=28705"},"modified":"2025-05-15T11:51:34","modified_gmt":"2025-05-15T16:51:34","slug":"boletin_006_2025_sostenibilidad","status":"publish","type":"page","link":"https:\/\/upec.edu.ec\/index.php\/boletin_006_2025_sostenibilidad\/","title":{"rendered":"Bolet\u00edn 006 2025 sostenibilidad"},"content":{"rendered":"\t\t<div data-elementor-type=\"wp-page\" data-elementor-id=\"28705\" class=\"elementor elementor-28705\">\n\t\t\t\t\t\t<section class=\"elementor-section elementor-top-section elementor-element elementor-element-86c772d elementor-section-full_width elementor-section-height-min-height elementor-section-items-top elementor-section-height-default\" data-id=\"86c772d\" data-element_type=\"section\">\n\t\t\t\t\t\t<div class=\"elementor-container elementor-column-gap-no\">\n\t\t\t\t\t<div class=\"elementor-column elementor-col-100 elementor-top-column elementor-element elementor-element-6caf56e\" data-id=\"6caf56e\" data-element_type=\"column\">\n\t\t\t<div class=\"elementor-widget-wrap elementor-element-populated\">\n\t\t\t\t\t\t<div class=\"elementor-element elementor-element-9fe77fd elementor-widget__width-auto elementor-widget elementor-widget-heading\" data-id=\"9fe77fd\" data-element_type=\"widget\" data-widget_type=\"heading.default\">\n\t\t\t\t<div class=\"elementor-widget-container\">\n\t\t\t\t\t<h2 class=\"elementor-heading-title elementor-size-default\">FERIA AGROALIMENTARIA: UNA EXPOSICI\u00d3N DE SABOR, INNOVACI\u00d3N Y TALENTO <\/h2>\t\t\t\t<\/div>\n\t\t\t\t<\/div>\n\t\t\t\t<div class=\"elementor-element elementor-element-6256772 elementor-widget elementor-widget-heading\" data-id=\"6256772\" data-element_type=\"widget\" data-widget_type=\"heading.default\">\n\t\t\t\t<div class=\"elementor-widget-container\">\n\t\t\t\t\t<h2 class=\"elementor-heading-title elementor-size-default\">Un espacio donde la innovaci\u00f3n y la pasi\u00f3n por el agro y la alimentaci\u00f3n se unieron. Estudiantes, emprendedores y empresas del sector presentaron sus proyectos, demostrando el talento y el compromiso con un futuro m\u00e1s sostenible y productivo.<br><br>\n\nAdem\u00e1s, reconocimos el esfuerzo y creatividad de cada stand, impulsando a los participantes a seguir creciendo y aportando al desarrollo del sector.<br><br>\n\n\u00a1Felicitaciones a todos por ser parte de esta gran experiencia! <br><br><\/h2>\t\t\t\t<\/div>\n\t\t\t\t<\/div>\n\t\t\t\t\t<\/div>\n\t\t<\/div>\n\t\t\t\t\t<\/div>\n\t\t<\/section>\n\t\t\t\t<section class=\"elementor-section elementor-top-section elementor-element elementor-element-2cd4369 elementor-section-full_width elementor-section-height-min-height elementor-section-items-top elementor-section-height-default\" data-id=\"2cd4369\" data-element_type=\"section\">\n\t\t\t\t\t\t<div class=\"elementor-container elementor-column-gap-no\">\n\t\t\t\t\t<div class=\"elementor-column elementor-col-100 elementor-top-column elementor-element elementor-element-a7fd849\" data-id=\"a7fd849\" data-element_type=\"column\">\n\t\t\t<div class=\"elementor-widget-wrap elementor-element-populated\">\n\t\t\t\t\t\t<div class=\"elementor-element elementor-element-4b172a4 elementor-widget__width-initial elementor-widget elementor-widget-image\" data-id=\"4b172a4\" data-element_type=\"widget\" data-widget_type=\"image.default\">\n\t\t\t\t<div class=\"elementor-widget-container\">\n\t\t\t\t\t\t\t\t\t\t\t\t\t\t\t<img decoding=\"async\" src=\"https:\/\/upec.edu.ec\/wp-content\/uploads\/elementor\/thumbs\/Boletin_006_01_sostenibilidad_2025-ralkdwz58coeaz8hywsa995nlxggkbipbf6dx5kxm6.jpg\" title=\"Boletin_006_01_sostenibilidad_2025\" alt=\"Boletin_006_01_sostenibilidad_2025\" loading=\"lazy\" \/>\t\t\t\t\t\t\t\t\t\t\t\t\t\t\t<\/div>\n\t\t\t\t<\/div>\n\t\t\t\t<div class=\"elementor-element elementor-element-ffcea85 elementor-widget__width-initial elementor-widget elementor-widget-image\" data-id=\"ffcea85\" data-element_type=\"widget\" data-widget_type=\"image.default\">\n\t\t\t\t<div class=\"elementor-widget-container\">\n\t\t\t\t\t\t\t\t\t\t\t\t\t\t\t<img decoding=\"async\" src=\"https:\/\/upec.edu.ec\/wp-content\/uploads\/elementor\/thumbs\/Boletin_006_02_sostenibilidad_2025-ralkdwz58coeaz8hywsa995nlxggkbipbf6dx5kxm6.jpg\" title=\"Boletin_006_02_sostenibilidad_2025\" alt=\"Boletin_006_02_sostenibilidad_2025\" loading=\"lazy\" \/>\t\t\t\t\t\t\t\t\t\t\t\t\t\t\t<\/div>\n\t\t\t\t<\/div>\n\t\t\t\t<div class=\"elementor-element elementor-element-20fbe48 elementor-widget__width-initial elementor-widget elementor-widget-image\" data-id=\"20fbe48\" data-element_type=\"widget\" data-widget_type=\"image.default\">\n\t\t\t\t<div class=\"elementor-widget-container\">\n\t\t\t\t\t\t\t\t\t\t\t\t\t\t\t<img decoding=\"async\" src=\"https:\/\/upec.edu.ec\/wp-content\/uploads\/elementor\/thumbs\/Boletin_006_03_sostenibilidad_2025-ralkdwz58coeaz8hywsa995nlxggkbipbf6dx5l0iw.jpg\" title=\"Boletin_006_03_sostenibilidad_2025\" alt=\"Boletin_006_03_sostenibilidad_2025\" loading=\"lazy\" \/>\t\t\t\t\t\t\t\t\t\t\t\t\t\t\t<\/div>\n\t\t\t\t<\/div>\n\t\t\t\t<div class=\"elementor-element elementor-element-1e2ea67 elementor-widget__width-initial elementor-widget elementor-widget-image\" data-id=\"1e2ea67\" data-element_type=\"widget\" data-widget_type=\"image.default\">\n\t\t\t\t<div class=\"elementor-widget-container\">\n\t\t\t\t\t\t\t\t\t\t\t\t\t\t\t<img decoding=\"async\" src=\"https:\/\/upec.edu.ec\/wp-content\/uploads\/elementor\/thumbs\/Boletin_006_04_sostenibilidad_2025-ralkdwz58coeaz8hywsa995nlxggkbipbf6dx5kxm6.jpg\" title=\"Boletin_006_04_sostenibilidad_2025\" alt=\"Boletin_006_04_sostenibilidad_2025\" loading=\"lazy\" \/>\t\t\t\t\t\t\t\t\t\t\t\t\t\t\t<\/div>\n\t\t\t\t<\/div>\n\t\t\t\t\t<\/div>\n\t\t<\/div>\n\t\t\t\t\t<\/div>\n\t\t<\/section>\n\t\t\t\t<section class=\"elementor-section elementor-top-section elementor-element elementor-element-b1f7cd2 elementor-section-full_width elementor-section-height-min-height elementor-section-items-top elementor-section-height-default\" data-id=\"b1f7cd2\" data-element_type=\"section\">\n\t\t\t\t\t\t<div class=\"elementor-container elementor-column-gap-no\">\n\t\t\t\t\t<div class=\"elementor-column elementor-col-100 elementor-top-column elementor-element elementor-element-2b2b894\" data-id=\"2b2b894\" data-element_type=\"column\">\n\t\t\t<div class=\"elementor-widget-wrap elementor-element-populated\">\n\t\t\t\t\t\t<div class=\"elementor-element elementor-element-e6cd8cf elementor-widget elementor-widget-text-editor\" data-id=\"e6cd8cf\" data-element_type=\"widget\" data-widget_type=\"text-editor.default\">\n\t\t\t\t<div class=\"elementor-widget-container\">\n\t\t\t\t\t\t\t\t\t<p style=\"text-align: center;\"><span style=\"color: #999999;\"><strong>Pie de foto:<\/strong> Foto simposio<\/span><span style=\"color: var( --e-global-color-text ); background-color: var(--ast-global-color-5);\">.<\/span><\/p><p><!--StartFragment--><!--EndFragment--><\/p>\t\t\t\t\t\t\t\t<\/div>\n\t\t\t\t<\/div>\n\t\t\t\t\t<\/div>\n\t\t<\/div>\n\t\t\t\t\t<\/div>\n\t\t<\/section>\n\t\t\t\t<section class=\"elementor-section elementor-top-section elementor-element elementor-element-3d0f6cb elementor-section-boxed elementor-section-height-default elementor-section-height-default\" data-id=\"3d0f6cb\" data-element_type=\"section\">\n\t\t\t\t\t\t<div class=\"elementor-container elementor-column-gap-default\">\n\t\t\t\t\t<div class=\"elementor-column elementor-col-100 elementor-top-column elementor-element elementor-element-ae879ca\" data-id=\"ae879ca\" data-element_type=\"column\">\n\t\t\t<div class=\"elementor-widget-wrap\">\n\t\t\t\t\t\t\t<\/div>\n\t\t<\/div>\n\t\t\t\t\t<\/div>\n\t\t<\/section>\n\t\t\t\t<\/div>\n\t\t","protected":false},"excerpt":{"rendered":"<p>FERIA AGROALIMENTARIA: UNA EXPOSICI\u00d3N DE SABOR, INNOVACI\u00d3N Y TALENTO Un espacio donde la innovaci\u00f3n y la pasi\u00f3n por el agro y la alimentaci\u00f3n se unieron. Estudiantes, emprendedores y empresas del sector presentaron sus proyectos, demostrando el talento y el compromiso con un futuro m\u00e1s sostenible y productivo. Adem\u00e1s, reconocimos el esfuerzo y creatividad de cada [&hellip;]<\/p>\n","protected":false},"author":2,"featured_media":0,"parent":0,"menu_order":0,"comment_status":"closed","ping_status":"closed","template":"","meta":{"site-sidebar-layout":"default","site-content-layout":"","ast-site-content-layout":"default","site-content-style":"default","site-sidebar-style":"default","ast-global-header-display":"","ast-banner-title-visibility":"","ast-main-header-display":"","ast-hfb-above-header-display":"","ast-hfb-below-header-display":"","ast-hfb-mobile-header-display":"","site-post-title":"disabled","ast-breadcrumbs-content":"","ast-featured-img":"","footer-sml-layout":"","theme-transparent-header-meta":"","adv-header-id-meta":"","stick-header-meta":"","header-above-stick-meta":"","header-main-stick-meta":"","header-below-stick-meta":"","astra-migrate-meta-layouts":"set","ast-page-background-enabled":"default","ast-page-background-meta":{"desktop":{"background-color":"var(--ast-global-color-4)","background-image":"","background-repeat":"repeat","background-position":"center center","background-size":"auto","background-attachment":"scroll","background-type":"","background-media":"","overlay-type":"","overlay-color":"","overlay-opacity":"","overlay-gradient":""},"tablet":{"background-color":"","background-image":"","background-repeat":"repeat","background-position":"center center","background-size":"auto","background-attachment":"scroll","background-type":"","background-media":"","overlay-type":"","overlay-color":"","overlay-opacity":"","overlay-gradient":""},"mobile":{"background-color":"","background-image":"","background-repeat":"repeat","background-position":"center center","background-size":"auto","background-attachment":"scroll","background-type":"","background-media":"","overlay-type":"","overlay-color":"","overlay-opacity":"","overlay-gradient":""}},"ast-content-background-meta":{"desktop":{"background-color":"var(--ast-global-color-5)","background-image":"","background-repeat":"repeat","background-position":"center center","background-size":"auto","background-attachment":"scroll","background-type":"","background-media":"","overlay-type":"","overlay-color":"","overlay-opacity":"","overlay-gradient":""},"tablet":{"background-color":"var(--ast-global-color-5)","background-image":"","background-repeat":"repeat","background-position":"center center","background-size":"auto","background-attachment":"scroll","background-type":"","background-media":"","overlay-type":"","overlay-color":"","overlay-opacity":"","overlay-gradient":""},"mobile":{"background-color":"var(--ast-global-color-5)","background-image":"","background-repeat":"repeat","background-position":"center center","background-size":"auto","background-attachment":"scroll","background-type":"","background-media":"","overlay-type":"","overlay-color":"","overlay-opacity":"","overlay-gradient":""}},"footnotes":""},"class_list":["post-28705","page","type-page","status-publish","hentry"],"_links":{"self":[{"href":"https:\/\/upec.edu.ec\/index.php\/wp-json\/wp\/v2\/pages\/28705","targetHints":{"allow":["GET"]}}],"collection":[{"href":"https:\/\/upec.edu.ec\/index.php\/wp-json\/wp\/v2\/pages"}],"about":[{"href":"https:\/\/upec.edu.ec\/index.php\/wp-json\/wp\/v2\/types\/page"}],"author":[{"embeddable":true,"href":"https:\/\/upec.edu.ec\/index.php\/wp-json\/wp\/v2\/users\/2"}],"replies":[{"embeddable":true,"href":"https:\/\/upec.edu.ec\/index.php\/wp-json\/wp\/v2\/comments?post=28705"}],"version-history":[{"count":14,"href":"https:\/\/upec.edu.ec\/index.php\/wp-json\/wp\/v2\/pages\/28705\/revisions"}],"predecessor-version":[{"id":28787,"href":"https:\/\/upec.edu.ec\/index.php\/wp-json\/wp\/v2\/pages\/28705\/revisions\/28787"}],"wp:attachment":[{"href":"https:\/\/upec.edu.ec\/index.php\/wp-json\/wp\/v2\/media?parent=28705"}],"curies":[{"name":"wp","href":"https:\/\/api.w.org\/{rel}","templated":true}]}}

Boletín 006 2025 sostenibilidad

<div data-elementor-type="wp-page" data-elementor-id="28705" class="elementor elementor-28705">
						<section class="elementor-section elementor-top-section elementor-element elementor-element-86c772d elementor-section-full_width elementor-section-height-min-height elementor-section-items-top elementor-section-height-default" data-id="86c772d" data-element_type="section">
						<div class="elementor-container elementor-column-gap-no">
					<div class="elementor-column elementor-col-100 elementor-top-column elementor-element elementor-element-6caf56e" data-id="6caf56e" data-element_type="column">
			<div class="elementor-widget-wrap elementor-element-populated">
						<div class="elementor-element elementor-element-9fe77fd elementor-widget__width-auto elementor-widget elementor-widget-heading" data-id="9fe77fd" data-element_type="widget" data-widget_type="heading.default">
				<div class="elementor-widget-container">
					<h2 class="elementor-heading-title elementor-size-default">FERIA AGROALIMENTARIA: UNA EXPOSICIÓN DE SABOR, INNOVACIÓN Y TALENTO </h2>				</div>
				</div>
				<div class="elementor-element elementor-element-6256772 elementor-widget elementor-widget-heading" data-id="6256772" data-element_type="widget" data-widget_type="heading.default">
				<div class="elementor-widget-container">
					<h2 class="elementor-heading-title elementor-size-default">Un espacio donde la innovación y la pasión por el agro y la alimentación se unieron. Estudiantes, emprendedores y empresas del sector presentaron sus proyectos, demostrando el talento y el compromiso con un futuro más sostenible y productivo.<br><br>

Además, reconocimos el esfuerzo y creatividad de cada stand, impulsando a los participantes a seguir creciendo y aportando al desarrollo del sector.<br><br>

¡Felicitaciones a todos por ser parte de esta gran experiencia! <br><br></h2>				</div>
				</div>
					</div>
		</div>
					</div>
		</section>
				<section class="elementor-section elementor-top-section elementor-element elementor-element-2cd4369 elementor-section-full_width elementor-section-height-min-height elementor-section-items-top elementor-section-height-default" data-id="2cd4369" data-element_type="section">
						<div class="elementor-container elementor-column-gap-no">
					<div class="elementor-column elementor-col-100 elementor-top-column elementor-element elementor-element-a7fd849" data-id="a7fd849" data-element_type="column">
			<div class="elementor-widget-wrap elementor-element-populated">
						<div class="elementor-element elementor-element-4b172a4 elementor-widget__width-initial elementor-widget elementor-widget-image" data-id="4b172a4" data-element_type="widget" data-widget_type="image.default">
				<div class="elementor-widget-container">
															<img decoding="async" src="https://upec.edu.ec/wp-content/uploads/elementor/thumbs/Boletin_006_01_sostenibilidad_2025-ralkdwz58coeaz8hywsa995nlxggkbipbf6dx5kxm6.jpg" title="Boletin_006_01_sostenibilidad_2025" alt="Boletin_006_01_sostenibilidad_2025" loading="lazy" />															</div>
				</div>
				<div class="elementor-element elementor-element-ffcea85 elementor-widget__width-initial elementor-widget elementor-widget-image" data-id="ffcea85" data-element_type="widget" data-widget_type="image.default">
				<div class="elementor-widget-container">
															<img decoding="async" src="https://upec.edu.ec/wp-content/uploads/elementor/thumbs/Boletin_006_02_sostenibilidad_2025-ralkdwz58coeaz8hywsa995nlxggkbipbf6dx5kxm6.jpg" title="Boletin_006_02_sostenibilidad_2025" alt="Boletin_006_02_sostenibilidad_2025" loading="lazy" />															</div>
				</div>
				<div class="elementor-element elementor-element-20fbe48 elementor-widget__width-initial elementor-widget elementor-widget-image" data-id="20fbe48" data-element_type="widget" data-widget_type="image.default">
				<div class="elementor-widget-container">
															<img decoding="async" src="https://upec.edu.ec/wp-content/uploads/elementor/thumbs/Boletin_006_03_sostenibilidad_2025-ralkdwz58coeaz8hywsa995nlxggkbipbf6dx5l0iw.jpg" title="Boletin_006_03_sostenibilidad_2025" alt="Boletin_006_03_sostenibilidad_2025" loading="lazy" />															</div>
				</div>
				<div class="elementor-element elementor-element-1e2ea67 elementor-widget__width-initial elementor-widget elementor-widget-image" data-id="1e2ea67" data-element_type="widget" data-widget_type="image.default">
				<div class="elementor-widget-container">
															<img decoding="async" src="https://upec.edu.ec/wp-content/uploads/elementor/thumbs/Boletin_006_04_sostenibilidad_2025-ralkdwz58coeaz8hywsa995nlxggkbipbf6dx5kxm6.jpg" title="Boletin_006_04_sostenibilidad_2025" alt="Boletin_006_04_sostenibilidad_2025" loading="lazy" />															</div>
				</div>
					</div>
		</div>
					</div>
		</section>
				<section class="elementor-section elementor-top-section elementor-element elementor-element-b1f7cd2 elementor-section-full_width elementor-section-height-min-height elementor-section-items-top elementor-section-height-default" data-id="b1f7cd2" data-element_type="section">
						<div class="elementor-container elementor-column-gap-no">
					<div class="elementor-column elementor-col-100 elementor-top-column elementor-element elementor-element-2b2b894" data-id="2b2b894" data-element_type="column">
			<div class="elementor-widget-wrap elementor-element-populated">
						<div class="elementor-element elementor-element-e6cd8cf elementor-widget elementor-widget-text-editor" data-id="e6cd8cf" data-element_type="widget" data-widget_type="text-editor.default">
				<div class="elementor-widget-container">
									<p style="text-align: center;"><span style="color: #999999;"><strong>Pie de foto:</strong> Foto simposio</span><span style="color: var( --e-global-color-text ); background-color: var(--ast-global-color-5);">.</span></p><p><!--StartFragment--><!--EndFragment--></p>								</div>
				</div>
					</div>
		</div>
					</div>
		</section>
				<section class="elementor-section elementor-top-section elementor-element elementor-element-3d0f6cb elementor-section-boxed elementor-section-height-default elementor-section-height-default" data-id="3d0f6cb" data-element_type="section">
						<div class="elementor-container elementor-column-gap-default">
					<div class="elementor-column elementor-col-100 elementor-top-column elementor-element elementor-element-ae879ca" data-id="ae879ca" data-element_type="column">
			<div class="elementor-widget-wrap">
							</div>
		</div>
					</div>
		</section>
				</div>

<p>FERIA AGROALIMENTARIA: UNA EXPOSICIÓN DE SABOR, INNOVACIÓN Y TALENTO Un espacio donde la innovación y la pasión por el agro y la alimentación se unieron. Estudiantes, emprendedores y empresas del sector presentaron sus proyectos, demostrando el talento y el compromiso con un futuro más sostenible y productivo. Además, reconocimos el esfuerzo y creatividad de cada [&hellip;]</p>
