{"id":21594,"date":"2024-01-29T17:53:03","date_gmt":"2024-01-29T22:53:03","guid":{"rendered":"https:\/\/upec.edu.ec\/?page_id=21594"},"modified":"2024-01-29T18:01:19","modified_gmt":"2024-01-29T23:01:19","slug":"boletin-006-2024","status":"publish","type":"page","link":"https:\/\/upec.edu.ec\/index.php\/boletin-006-2024\/","title":{"rendered":"Bolet\u00edn 006 2024"},"content":{"rendered":"\t\t<div data-elementor-type=\"wp-page\" data-elementor-id=\"21594\" class=\"elementor elementor-21594\">\n\t\t\t\t\t\t<section class=\"elementor-section elementor-top-section elementor-element elementor-element-86c772d elementor-section-full_width elementor-section-height-min-height elementor-section-items-top elementor-section-height-default\" data-id=\"86c772d\" data-element_type=\"section\">\n\t\t\t\t\t\t<div class=\"elementor-container elementor-column-gap-no\">\n\t\t\t\t\t<div class=\"elementor-column elementor-col-100 elementor-top-column elementor-element elementor-element-6caf56e\" data-id=\"6caf56e\" data-element_type=\"column\">\n\t\t\t<div class=\"elementor-widget-wrap elementor-element-populated\">\n\t\t\t\t\t\t<div class=\"elementor-element elementor-element-9fe77fd elementor-widget__width-auto elementor-widget elementor-widget-heading\" data-id=\"9fe77fd\" data-element_type=\"widget\" data-widget_type=\"heading.default\">\n\t\t\t\t<div class=\"elementor-widget-container\">\n\t\t\t\t\t<h2 class=\"elementor-heading-title elementor-size-default\">D\u00cdA DE LA EDUCACI\u00d3N AMBIENTAL SE CONMEMORA CON UNA INTERVENCI\u00d3N SOCIAL\n\n<\/h2>\t\t\t\t<\/div>\n\t\t\t\t<\/div>\n\t\t\t\t<div class=\"elementor-element elementor-element-6256772 elementor-widget elementor-widget-heading\" data-id=\"6256772\" data-element_type=\"widget\" data-widget_type=\"heading.default\">\n\t\t\t\t<div class=\"elementor-widget-container\">\n\t\t\t\t\t<h2 class=\"elementor-heading-title elementor-size-default\">Estudiantes de las carreras Educaci\u00f3n B\u00e1sica, Inicial y Turismo, de la Universidad Polit\u00e9cnica Estatal del Carchi (UPEC), desarrollaron estrategias did\u00e1cticas en el marco del proyecto de educaci\u00f3n ambiental con 460 ni\u00f1as, ni\u00f1os y j\u00f3venes de Tufi\u00f1o. Las diferentes actividades llegaron a la U.E Jos\u00e9 Mar\u00eda Velasco Ibarra, U.E Tufi\u00f1o y el centro poblado de la parroquia rural.<br><br>\n\nEn conmemoraci\u00f3n del d\u00eda de la educaci\u00f3n ambiental, los estudiantes organizaron una casa abierta. Educaci\u00f3n B\u00e1sica hizo uso de materiales reciclados como pedagog\u00eda alternativa para concientizar sobre la responsabilidad ambiental en ni\u00f1os y j\u00f3venes de 7 a 17 a\u00f1os; mientras que Educaci\u00f3n Inicial replic\u00f3 el proyecto \u201cFeria L\u00fadica Recreativa de Sostenibilidad\u201d, llegando a 119 ni\u00f1as y ni\u00f1os de 3 a 6 a\u00f1os a trav\u00e9s de juegos elaborados con materiales reciclados, potenciando la conciencia hac\u00eda el medio ambiente en los infantes.<br><br>\n\nPor su parte, la carrera de Turismo expuso propuestas para el buen uso del tiempo libre en la naturaleza con actividades de relajaci\u00f3n, sus beneficios y el cuidado que se merece el patrimonio natural. Incluyeron actividades l\u00fadicas en entornos virtuales como el \"Free virtual Tour\", con el uso de gafas de realidad aumentada e im\u00e1genes 360\u00b0 de los p\u00e1ramos con enfoque de conservaci\u00f3n. As\u00ed mismo, el manejo adecuado de binoculares y la visualizaci\u00f3n del Cumbal con telescopio.<br><br>\n\nA esta activaci\u00f3n l\u00fadica con enfoque ambiental se uni\u00f3 el Club de Sostenibilidad, quienes expusieron las actividades que desarrollan en la Polit\u00e9cnica del Carchi para contribuir con los Objetivos de Desarrollo Sostenible de la agenda 2030. Adem\u00e1s, la Unidad de Admisi\u00f3n socializ\u00f3 con estudiantes de tercero de bachillerato la oferta acad\u00e9mica de grado que tiene la UPEC en este 2024.<br><br>\n\nEl proyecto involucr\u00f3 a 250 estudiantes y fue una iniciativa de la Polit\u00e9cnica del Carchi en coordinaci\u00f3n con el Ministerio de Ambiente, la Junta Parroquial de Tufi\u00f1o, Gobierno Provincial del Carchi y Fundaci\u00f3n Altr\u00f3pico.<br><br><\/h2>\t\t\t\t<\/div>\n\t\t\t\t<\/div>\n\t\t\t\t\t<\/div>\n\t\t<\/div>\n\t\t\t\t\t<\/div>\n\t\t<\/section>\n\t\t\t\t<section class=\"elementor-section elementor-top-section elementor-element elementor-element-2cd4369 elementor-section-full_width elementor-section-height-min-height elementor-section-items-top elementor-section-height-default\" data-id=\"2cd4369\" data-element_type=\"section\">\n\t\t\t\t\t\t<div class=\"elementor-container elementor-column-gap-no\">\n\t\t\t\t\t<div class=\"elementor-column elementor-col-100 elementor-top-column elementor-element elementor-element-a7fd849\" data-id=\"a7fd849\" data-element_type=\"column\">\n\t\t\t<div class=\"elementor-widget-wrap elementor-element-populated\">\n\t\t\t\t\t\t<div class=\"elementor-element elementor-element-ff78700 elementor-widget__width-initial elementor-widget elementor-widget-image\" data-id=\"ff78700\" data-element_type=\"widget\" data-widget_type=\"image.default\">\n\t\t\t\t<div class=\"elementor-widget-container\">\n\t\t\t\t\t\t\t\t\t\t\t\t\t\t\t<img decoding=\"async\" src=\"https:\/\/upec.edu.ec\/wp-content\/uploads\/elementor\/thumbs\/boletin_06_01-ralkdwz6g7g9ge1y1qyzu8609f7vy6r8lq9q1lj74c.jpg\" title=\"boletin_06_01\" alt=\"boletin_06_01\" loading=\"lazy\" \/>\t\t\t\t\t\t\t\t\t\t\t\t\t\t\t<\/div>\n\t\t\t\t<\/div>\n\t\t\t\t<div class=\"elementor-element elementor-element-7d43ed9 elementor-widget__width-initial elementor-widget elementor-widget-image\" data-id=\"7d43ed9\" data-element_type=\"widget\" data-widget_type=\"image.default\">\n\t\t\t\t<div class=\"elementor-widget-container\">\n\t\t\t\t\t\t\t\t\t\t\t\t\t\t\t<img decoding=\"async\" src=\"https:\/\/upec.edu.ec\/wp-content\/uploads\/elementor\/thumbs\/boletin_06_02-ralkdwz6g7g9ge1y1qyzu8609f7vy6r8lq9q1lj74c.jpg\" title=\"boletin_06_02\" alt=\"boletin_06_02\" loading=\"lazy\" \/>\t\t\t\t\t\t\t\t\t\t\t\t\t\t\t<\/div>\n\t\t\t\t<\/div>\n\t\t\t\t<div class=\"elementor-element elementor-element-12f2adc elementor-widget__width-initial elementor-widget elementor-widget-image\" data-id=\"12f2adc\" data-element_type=\"widget\" data-widget_type=\"image.default\">\n\t\t\t\t<div class=\"elementor-widget-container\">\n\t\t\t\t\t\t\t\t\t\t\t\t\t\t\t<img decoding=\"async\" src=\"https:\/\/upec.edu.ec\/wp-content\/uploads\/elementor\/thumbs\/boletin_06_04-ralkdwz6g7g9ge1y1qyzu8609f7vy6r8lq9q1lj74c.jpg\" title=\"boletin_06_04\" alt=\"boletin_06_04\" loading=\"lazy\" \/>\t\t\t\t\t\t\t\t\t\t\t\t\t\t\t<\/div>\n\t\t\t\t<\/div>\n\t\t\t\t\t<\/div>\n\t\t<\/div>\n\t\t\t\t\t<\/div>\n\t\t<\/section>\n\t\t\t\t<section class=\"elementor-section elementor-top-section elementor-element elementor-element-b1f7cd2 elementor-section-full_width elementor-section-height-min-height elementor-section-items-top elementor-section-height-default\" data-id=\"b1f7cd2\" data-element_type=\"section\">\n\t\t\t\t\t\t<div class=\"elementor-container elementor-column-gap-no\">\n\t\t\t\t\t<div class=\"elementor-column elementor-col-100 elementor-top-column elementor-element elementor-element-2b2b894\" data-id=\"2b2b894\" data-element_type=\"column\">\n\t\t\t<div class=\"elementor-widget-wrap elementor-element-populated\">\n\t\t\t\t\t\t<div class=\"elementor-element elementor-element-e6cd8cf elementor-widget elementor-widget-text-editor\" data-id=\"e6cd8cf\" data-element_type=\"widget\" data-widget_type=\"text-editor.default\">\n\t\t\t\t<div class=\"elementor-widget-container\">\n\t\t\t\t\t\t\t\t\t<p style=\"text-align: center;\"><span style=\"color: #999999;\">Pie de foto: Como parte de las actividades tuvieron experiencias en entornos virtuales con el \u00abFree virtual Tour\u00bb, que usa gafas de realidad aumentada e im\u00e1genes 360\u00b0 de los p\u00e1ramos con enfoque de conservaci\u00f3n<span class=\"x_ContentPasted1\" lang=\"ES-MX\">.<\/span><\/span><\/p>\t\t\t\t\t\t\t\t<\/div>\n\t\t\t\t<\/div>\n\t\t\t\t\t<\/div>\n\t\t<\/div>\n\t\t\t\t\t<\/div>\n\t\t<\/section>\n\t\t\t\t<section class=\"elementor-section elementor-top-section elementor-element elementor-element-3d0f6cb elementor-section-boxed elementor-section-height-default elementor-section-height-default\" data-id=\"3d0f6cb\" data-element_type=\"section\">\n\t\t\t\t\t\t<div class=\"elementor-container elementor-column-gap-default\">\n\t\t\t\t\t<div class=\"elementor-column elementor-col-100 elementor-top-column elementor-element elementor-element-ae879ca\" data-id=\"ae879ca\" data-element_type=\"column\">\n\t\t\t<div class=\"elementor-widget-wrap\">\n\t\t\t\t\t\t\t<\/div>\n\t\t<\/div>\n\t\t\t\t\t<\/div>\n\t\t<\/section>\n\t\t\t\t<\/div>\n\t\t","protected":false},"excerpt":{"rendered":"<p>D\u00cdA DE LA EDUCACI\u00d3N AMBIENTAL SE CONMEMORA CON UNA INTERVENCI\u00d3N SOCIAL Estudiantes de las carreras Educaci\u00f3n B\u00e1sica, Inicial y Turismo, de la Universidad Polit\u00e9cnica Estatal del Carchi (UPEC), desarrollaron estrategias did\u00e1cticas en el marco del proyecto de educaci\u00f3n ambiental con 460 ni\u00f1as, ni\u00f1os y j\u00f3venes de Tufi\u00f1o. Las diferentes actividades llegaron a la U.E Jos\u00e9 [&hellip;]<\/p>\n","protected":false},"author":2,"featured_media":0,"parent":0,"menu_order":0,"comment_status":"closed","ping_status":"closed","template":"","meta":{"site-sidebar-layout":"default","site-content-layout":"","ast-site-content-layout":"default","site-content-style":"default","site-sidebar-style":"default","ast-global-header-display":"","ast-banner-title-visibility":"","ast-main-header-display":"","ast-hfb-above-header-display":"","ast-hfb-below-header-display":"","ast-hfb-mobile-header-display":"","site-post-title":"disabled","ast-breadcrumbs-content":"","ast-featured-img":"","footer-sml-layout":"","theme-transparent-header-meta":"","adv-header-id-meta":"","stick-header-meta":"","header-above-stick-meta":"","header-main-stick-meta":"","header-below-stick-meta":"","astra-migrate-meta-layouts":"set","ast-page-background-enabled":"default","ast-page-background-meta":{"desktop":{"background-color":"var(--ast-global-color-4)","background-image":"","background-repeat":"repeat","background-position":"center center","background-size":"auto","background-attachment":"scroll","background-type":"","background-media":"","overlay-type":"","overlay-color":"","overlay-opacity":"","overlay-gradient":""},"tablet":{"background-color":"","background-image":"","background-repeat":"repeat","background-position":"center center","background-size":"auto","background-attachment":"scroll","background-type":"","background-media":"","overlay-type":"","overlay-color":"","overlay-opacity":"","overlay-gradient":""},"mobile":{"background-color":"","background-image":"","background-repeat":"repeat","background-position":"center center","background-size":"auto","background-attachment":"scroll","background-type":"","background-media":"","overlay-type":"","overlay-color":"","overlay-opacity":"","overlay-gradient":""}},"ast-content-background-meta":{"desktop":{"background-color":"var(--ast-global-color-5)","background-image":"","background-repeat":"repeat","background-position":"center center","background-size":"auto","background-attachment":"scroll","background-type":"","background-media":"","overlay-type":"","overlay-color":"","overlay-opacity":"","overlay-gradient":""},"tablet":{"background-color":"var(--ast-global-color-5)","background-image":"","background-repeat":"repeat","background-position":"center center","background-size":"auto","background-attachment":"scroll","background-type":"","background-media":"","overlay-type":"","overlay-color":"","overlay-opacity":"","overlay-gradient":""},"mobile":{"background-color":"var(--ast-global-color-5)","background-image":"","background-repeat":"repeat","background-position":"center center","background-size":"auto","background-attachment":"scroll","background-type":"","background-media":"","overlay-type":"","overlay-color":"","overlay-opacity":"","overlay-gradient":""}},"footnotes":""},"class_list":["post-21594","page","type-page","status-publish","hentry"],"_links":{"self":[{"href":"https:\/\/upec.edu.ec\/index.php\/wp-json\/wp\/v2\/pages\/21594","targetHints":{"allow":["GET"]}}],"collection":[{"href":"https:\/\/upec.edu.ec\/index.php\/wp-json\/wp\/v2\/pages"}],"about":[{"href":"https:\/\/upec.edu.ec\/index.php\/wp-json\/wp\/v2\/types\/page"}],"author":[{"embeddable":true,"href":"https:\/\/upec.edu.ec\/index.php\/wp-json\/wp\/v2\/users\/2"}],"replies":[{"embeddable":true,"href":"https:\/\/upec.edu.ec\/index.php\/wp-json\/wp\/v2\/comments?post=21594"}],"version-history":[{"count":7,"href":"https:\/\/upec.edu.ec\/index.php\/wp-json\/wp\/v2\/pages\/21594\/revisions"}],"predecessor-version":[{"id":21610,"href":"https:\/\/upec.edu.ec\/index.php\/wp-json\/wp\/v2\/pages\/21594\/revisions\/21610"}],"wp:attachment":[{"href":"https:\/\/upec.edu.ec\/index.php\/wp-json\/wp\/v2\/media?parent=21594"}],"curies":[{"name":"wp","href":"https:\/\/api.w.org\/{rel}","templated":true}]}}