{"id":17331,"date":"2023-09-14T15:36:48","date_gmt":"2023-09-14T20:36:48","guid":{"rendered":"https:\/\/upec.edu.ec\/?page_id=17331"},"modified":"2023-09-14T15:55:04","modified_gmt":"2023-09-14T20:55:04","slug":"boletin-105","status":"publish","type":"page","link":"https:\/\/upec.edu.ec\/index.php\/boletin-105\/","title":{"rendered":"Bolet\u00edn 105"},"content":{"rendered":"\t\t<div data-elementor-type=\"wp-page\" data-elementor-id=\"17331\" class=\"elementor elementor-17331\">\n\t\t\t\t\t\t<section class=\"elementor-section elementor-top-section elementor-element elementor-element-86c772d elementor-section-full_width elementor-section-height-min-height elementor-section-items-top elementor-section-height-default\" data-id=\"86c772d\" data-element_type=\"section\">\n\t\t\t\t\t\t<div class=\"elementor-container elementor-column-gap-no\">\n\t\t\t\t\t<div class=\"elementor-column elementor-col-100 elementor-top-column elementor-element elementor-element-6caf56e\" data-id=\"6caf56e\" data-element_type=\"column\">\n\t\t\t<div class=\"elementor-widget-wrap elementor-element-populated\">\n\t\t\t\t\t\t<div class=\"elementor-element elementor-element-9fe77fd elementor-widget__width-auto elementor-widget elementor-widget-heading\" data-id=\"9fe77fd\" data-element_type=\"widget\" data-widget_type=\"heading.default\">\n\t\t\t\t<div class=\"elementor-widget-container\">\n\t\t\t\t\t<h2 class=\"elementor-heading-title elementor-size-default\">CARRERA LABORATORIO CL\u00cdNICO CON NUEVO EQUIPAMIENTO<\/h2>\t\t\t\t<\/div>\n\t\t\t\t<\/div>\n\t\t\t\t<div class=\"elementor-element elementor-element-6256772 elementor-widget elementor-widget-heading\" data-id=\"6256772\" data-element_type=\"widget\" data-widget_type=\"heading.default\">\n\t\t\t\t<div class=\"elementor-widget-container\">\n\t\t\t\t\t<h2 class=\"elementor-heading-title elementor-size-default\">La Universidad Polit\u00e9cnica Estatal del Carchi (UPEC) se encuentra en un plan permanente de equipamiento, es as\u00ed que la carrera Laboratorio Cl\u00ednico realiz\u00f3 la adquisici\u00f3n de 41 microscopios para el desarrollo de microscop\u00eda en los niveles iniciales de educaci\u00f3n. Jorge Mina, Rector de la UPEC, recalc\u00f3 que la prioridad es dotar de todo el equipo necesario para la calidad de la educaci\u00f3n de la oferta acad\u00e9mica, transfiriendo los recursos econ\u00f3micos a las 14 carreras de grado.<br><br>\nLos implementos tecnol\u00f3gicos permitir\u00e1n fortalecer la investigaci\u00f3n docente y estudiantil, ya que cuentan con un sistema de \u00faltima generaci\u00f3n. Treinta seis de los microscopios binoculares marca ZEISS son did\u00e1cticos, est\u00e1n optimizados para microscop\u00eda de campo claro en muestras te\u00f1idas para ciencias de la vida. Para un uso sostenible, est\u00e1n hechos de materiales y enfoques de alta calidad en la iluminaci\u00f3n LED de bajo consumo.<br><br>\n\nLa precisi\u00f3n de las caracter\u00edsticas de los microscopios hace que la ense\u00f1anza sea efectiva. Seis de ellos, permiten una captura con mayor resoluci\u00f3n, incluyen una c\u00e1mara de microscopio digital que est\u00e1 completamente integrada en el tubo. Adem\u00e1s, ofrecen opciones de conectividad superiores, a trav\u00e9s de la aplicaci\u00f3n de microscop\u00eda \u00fanica de ZEISS se comparte im\u00e1genes o v\u00eddeos en directo con los alumnos mediante monitores o proyectores.<br><br>\n\nWilson Robles, representante de la Empresa Microscopi NSI en Ecuador, mencion\u00f3 que la Polit\u00e9cnica del Carchi es una de las pocas universidades en adquirir este equipamiento de punta, felicit\u00f3 a las autoridades por la visi\u00f3n innovadora. La inversi\u00f3n para el equipamiento total de la carrera Laboratorio Cl\u00ednico bordea los $240,000.00, en los pr\u00f3ximos d\u00edas se realizar\u00e1 la recepci\u00f3n del equipamiento tecnol\u00f3gico complementario.<\/h2>\t\t\t\t<\/div>\n\t\t\t\t<\/div>\n\t\t\t\t\t<\/div>\n\t\t<\/div>\n\t\t\t\t\t<\/div>\n\t\t<\/section>\n\t\t\t\t<section class=\"elementor-section elementor-top-section elementor-element elementor-element-2cd4369 elementor-section-full_width elementor-section-height-min-height elementor-section-items-top elementor-section-height-default\" data-id=\"2cd4369\" data-element_type=\"section\">\n\t\t\t\t\t\t<div class=\"elementor-container elementor-column-gap-no\">\n\t\t\t\t\t<div class=\"elementor-column elementor-col-100 elementor-top-column elementor-element elementor-element-a7fd849\" data-id=\"a7fd849\" data-element_type=\"column\">\n\t\t\t<div class=\"elementor-widget-wrap elementor-element-populated\">\n\t\t\t\t\t\t<div class=\"elementor-element elementor-element-e36ec55 elementor-widget elementor-widget-image\" data-id=\"e36ec55\" data-element_type=\"widget\" data-widget_type=\"image.default\">\n\t\t\t\t<div class=\"elementor-widget-container\">\n\t\t\t\t\t\t\t\t\t\t\t\t\t\t\t<img decoding=\"async\" src=\"https:\/\/upec.edu.ec\/wp-content\/uploads\/elementor\/thumbs\/boletin_105_03-ralkdxx0145ic5cqe635mhy87kg4tcxccevj0engn6.jpg\" title=\"boletin_105_01\" alt=\"boletin_105_01\" loading=\"lazy\" \/>\t\t\t\t\t\t\t\t\t\t\t\t\t\t\t<\/div>\n\t\t\t\t<\/div>\n\t\t\t\t<div class=\"elementor-element elementor-element-2e2cbe6 elementor-widget elementor-widget-image\" data-id=\"2e2cbe6\" data-element_type=\"widget\" data-widget_type=\"image.default\">\n\t\t\t\t<div class=\"elementor-widget-container\">\n\t\t\t\t\t\t\t\t\t\t\t\t\t\t\t<img decoding=\"async\" src=\"https:\/\/upec.edu.ec\/wp-content\/uploads\/elementor\/thumbs\/boletin_105_02-ralkdxx0145ic5cqe635mhy87kg4tcxccevj0engn6.jpg\" title=\"boletin_105_02\" alt=\"boletin_105_02\" loading=\"lazy\" \/>\t\t\t\t\t\t\t\t\t\t\t\t\t\t\t<\/div>\n\t\t\t\t<\/div>\n\t\t\t\t<div class=\"elementor-element elementor-element-c6e5f38 elementor-widget elementor-widget-image\" data-id=\"c6e5f38\" data-element_type=\"widget\" data-widget_type=\"image.default\">\n\t\t\t\t<div class=\"elementor-widget-container\">\n\t\t\t\t\t\t\t\t\t\t\t\t\t\t\t<img decoding=\"async\" src=\"https:\/\/upec.edu.ec\/wp-content\/uploads\/elementor\/thumbs\/boletin_105_01-ralkdxx0145ic5cqe635mhy87kg4tcxccevj0engn6.jpg\" title=\"boletin_105_03\" alt=\"boletin_105_03\" loading=\"lazy\" \/>\t\t\t\t\t\t\t\t\t\t\t\t\t\t\t<\/div>\n\t\t\t\t<\/div>\n\t\t\t\t<div class=\"elementor-element elementor-element-732d175 elementor-widget elementor-widget-heading\" data-id=\"732d175\" data-element_type=\"widget\" data-widget_type=\"heading.default\">\n\t\t\t\t<div class=\"elementor-widget-container\">\n\t\t\t\t\t<h2 class=\"elementor-heading-title elementor-size-default\">Pie de foto: 41 microscopios de \u00faltima tecnolog\u00eda estar\u00e1n a disposici\u00f3n de los estudiantes de la carrera Laboratorio Cl\u00ednico, fortaleciendo su formaci\u00f3n acad\u00e9mica.<\/h2>\t\t\t\t<\/div>\n\t\t\t\t<\/div>\n\t\t\t\t\t<\/div>\n\t\t<\/div>\n\t\t\t\t\t<\/div>\n\t\t<\/section>\n\t\t\t\t<section class=\"elementor-section elementor-top-section elementor-element elementor-element-3d0f6cb elementor-section-boxed elementor-section-height-default elementor-section-height-default\" data-id=\"3d0f6cb\" data-element_type=\"section\">\n\t\t\t\t\t\t<div class=\"elementor-container elementor-column-gap-default\">\n\t\t\t\t\t<div class=\"elementor-column elementor-col-100 elementor-top-column elementor-element elementor-element-ae879ca\" data-id=\"ae879ca\" data-element_type=\"column\">\n\t\t\t<div class=\"elementor-widget-wrap\">\n\t\t\t\t\t\t\t<\/div>\n\t\t<\/div>\n\t\t\t\t\t<\/div>\n\t\t<\/section>\n\t\t\t\t<\/div>\n\t\t","protected":false},"excerpt":{"rendered":"<p>CARRERA LABORATORIO CL\u00cdNICO CON NUEVO EQUIPAMIENTO La Universidad Polit\u00e9cnica Estatal del Carchi (UPEC) se encuentra en un plan permanente de equipamiento, es as\u00ed que la carrera Laboratorio Cl\u00ednico realiz\u00f3 la adquisici\u00f3n de 41 microscopios para el desarrollo de microscop\u00eda en los niveles iniciales de educaci\u00f3n. Jorge Mina, Rector de la UPEC, recalc\u00f3 que la prioridad [&hellip;]<\/p>\n","protected":false},"author":2,"featured_media":0,"parent":0,"menu_order":0,"comment_status":"closed","ping_status":"closed","template":"","meta":{"site-sidebar-layout":"default","site-content-layout":"","ast-site-content-layout":"default","site-content-style":"default","site-sidebar-style":"default","ast-global-header-display":"","ast-banner-title-visibility":"","ast-main-header-display":"","ast-hfb-above-header-display":"","ast-hfb-below-header-display":"","ast-hfb-mobile-header-display":"","site-post-title":"disabled","ast-breadcrumbs-content":"","ast-featured-img":"","footer-sml-layout":"","theme-transparent-header-meta":"","adv-header-id-meta":"","stick-header-meta":"","header-above-stick-meta":"","header-main-stick-meta":"","header-below-stick-meta":"","astra-migrate-meta-layouts":"set","ast-page-background-enabled":"default","ast-page-background-meta":{"desktop":{"background-color":"var(--ast-global-color-4)","background-image":"","background-repeat":"repeat","background-position":"center center","background-size":"auto","background-attachment":"scroll","background-type":"","background-media":"","overlay-type":"","overlay-color":"","overlay-opacity":"","overlay-gradient":""},"tablet":{"background-color":"","background-image":"","background-repeat":"repeat","background-position":"center center","background-size":"auto","background-attachment":"scroll","background-type":"","background-media":"","overlay-type":"","overlay-color":"","overlay-opacity":"","overlay-gradient":""},"mobile":{"background-color":"","background-image":"","background-repeat":"repeat","background-position":"center center","background-size":"auto","background-attachment":"scroll","background-type":"","background-media":"","overlay-type":"","overlay-color":"","overlay-opacity":"","overlay-gradient":""}},"ast-content-background-meta":{"desktop":{"background-color":"var(--ast-global-color-5)","background-image":"","background-repeat":"repeat","background-position":"center center","background-size":"auto","background-attachment":"scroll","background-type":"","background-media":"","overlay-type":"","overlay-color":"","overlay-opacity":"","overlay-gradient":""},"tablet":{"background-color":"var(--ast-global-color-5)","background-image":"","background-repeat":"repeat","background-position":"center center","background-size":"auto","background-attachment":"scroll","background-type":"","background-media":"","overlay-type":"","overlay-color":"","overlay-opacity":"","overlay-gradient":""},"mobile":{"background-color":"var(--ast-global-color-5)","background-image":"","background-repeat":"repeat","background-position":"center center","background-size":"auto","background-attachment":"scroll","background-type":"","background-media":"","overlay-type":"","overlay-color":"","overlay-opacity":"","overlay-gradient":""}},"footnotes":""},"class_list":["post-17331","page","type-page","status-publish","hentry"],"_links":{"self":[{"href":"https:\/\/upec.edu.ec\/index.php\/wp-json\/wp\/v2\/pages\/17331","targetHints":{"allow":["GET"]}}],"collection":[{"href":"https:\/\/upec.edu.ec\/index.php\/wp-json\/wp\/v2\/pages"}],"about":[{"href":"https:\/\/upec.edu.ec\/index.php\/wp-json\/wp\/v2\/types\/page"}],"author":[{"embeddable":true,"href":"https:\/\/upec.edu.ec\/index.php\/wp-json\/wp\/v2\/users\/2"}],"replies":[{"embeddable":true,"href":"https:\/\/upec.edu.ec\/index.php\/wp-json\/wp\/v2\/comments?post=17331"}],"version-history":[{"count":23,"href":"https:\/\/upec.edu.ec\/index.php\/wp-json\/wp\/v2\/pages\/17331\/revisions"}],"predecessor-version":[{"id":17359,"href":"https:\/\/upec.edu.ec\/index.php\/wp-json\/wp\/v2\/pages\/17331\/revisions\/17359"}],"wp:attachment":[{"href":"https:\/\/upec.edu.ec\/index.php\/wp-json\/wp\/v2\/media?parent=17331"}],"curies":[{"name":"wp","href":"https:\/\/api.w.org\/{rel}","templated":true}]}}